Last updated on 2025-11-04 13:50:22 CET.
| Flavor | Version | Tinstall | Tcheck | Ttotal | Status | Flags |
|---|---|---|---|---|---|---|
| r-devel-linux-x86_64-debian-clang | 0.1.6 | 38.81 | 383.62 | 422.43 | NOTE | |
| r-devel-linux-x86_64-debian-gcc | 0.1.6 | 26.42 | 252.92 | 279.34 | NOTE | |
| r-devel-linux-x86_64-fedora-clang | 0.1.7 | 218.00 | 466.00 | 684.00 | OK | |
| r-devel-linux-x86_64-fedora-gcc | 0.1.7 | 117.00 | 452.99 | 569.99 | OK | |
| r-devel-windows-x86_64 | 0.1.7 | 39.00 | 274.00 | 313.00 | OK | |
| r-patched-linux-x86_64 | 0.1.6 | 36.94 | 360.10 | 397.04 | OK | |
| r-release-linux-x86_64 | 0.1.6 | 33.47 | 364.44 | 397.91 | OK | |
| r-release-macos-arm64 | 0.1.7 | 19.00 | 151.00 | 170.00 | OK | |
| r-release-macos-x86_64 | 0.1.7 | 43.00 | 369.00 | 412.00 | OK | |
| r-release-windows-x86_64 | 0.1.6 | 43.00 | 305.00 | 348.00 | OK | |
| r-oldrel-macos-arm64 | 0.1.7 | 20.00 | 156.00 | 176.00 | OK | |
| r-oldrel-macos-x86_64 | 0.1.7 | 42.00 | 363.00 | 405.00 | OK | |
| r-oldrel-windows-x86_64 | 0.1.6 | 59.00 | 422.00 | 481.00 | OK |
Version: 0.1.6
Check: Rd files
Result: NOTE
checkRd: (-1) preprocess_graphs.Rd:50: height/width attributes should be in pixels
checkRd: (-1) preprocess_graphs.Rd:62: height/width attributes should be in pixels
Flavors: r-devel-linux-x86_64-debian-clang, r-devel-linux-x86_64-debian-gcc