Last updated on 2024-06-08 06:50:54 CEST.
Flavor | Version | Tinstall | Tcheck | Ttotal | Status | Flags |
---|---|---|---|---|---|---|
r-devel-linux-x86_64-debian-clang | 0.2.1 | 168.24 | 344.19 | 512.43 | NOTE | |
r-devel-linux-x86_64-debian-gcc | 0.2.1 | 148.69 | 286.48 | 435.17 | NOTE | |
r-devel-linux-x86_64-fedora-clang | 0.2.1 | 615.79 | NOTE | |||
r-devel-linux-x86_64-fedora-gcc | 0.2.1 | 749.17 | NOTE | |||
r-devel-windows-x86_64 | 0.2.1 | 140.00 | 280.00 | 420.00 | NOTE | |
r-patched-linux-x86_64 | 0.2.1 | 129.03 | 372.88 | 501.91 | NOTE | |
r-release-linux-x86_64 | 0.2.1 | 131.17 | 373.49 | 504.66 | NOTE | |
r-release-macos-arm64 | 0.2.1 | 137.00 | NOTE | |||
r-release-macos-x86_64 | 0.2.1 | 388.00 | NOTE | |||
r-release-windows-x86_64 | 0.2.1 | 134.00 | 289.00 | 423.00 | NOTE | |
r-oldrel-macos-arm64 | 0.2.1 | 111.00 | NOTE | |||
r-oldrel-macos-x86_64 | 0.2.1 | 249.00 | NOTE | |||
r-oldrel-windows-x86_64 | 0.2.1 | 165.00 | 336.00 | 501.00 | NOTE |
Version: 0.2.1
Check: for GNU extensions in Makefiles
Result: NOTE
GNU make is a SystemRequirements.
Flavors: r-devel-linux-x86_64-debian-clang, r-devel-linux-x86_64-debian-gcc, r-devel-linux-x86_64-fedora-clang, r-devel-linux-x86_64-fedora-gcc, r-devel-windows-x86_64, r-patched-linux-x86_64, r-release-linux-x86_64, r-release-macos-arm64, r-release-macos-x86_64, r-release-windows-x86_64, r-oldrel-macos-arm64, r-oldrel-macos-x86_64, r-oldrel-windows-x86_64
Version: 0.2.1
Check: installed package size
Result: NOTE
installed size is 40.7Mb
sub-directories of 1Mb or more:
libs 40.4Mb
Flavors: r-release-macos-arm64, r-release-macos-x86_64, r-oldrel-macos-arm64, r-oldrel-macos-x86_64