Last updated on 2025-11-04 13:50:21 CET.
| Flavor | Version | Tinstall | Tcheck | Ttotal | Status | Flags |
|---|---|---|---|---|---|---|
| r-devel-linux-x86_64-debian-clang | 0.2.1 | 122.17 | 228.66 | 350.83 | OK | |
| r-devel-linux-x86_64-debian-gcc | 0.2.1 | 114.45 | 184.87 | 299.32 | OK | |
| r-devel-linux-x86_64-fedora-clang | 0.2.1 | 285.00 | 257.03 | 542.03 | OK | |
| r-devel-linux-x86_64-fedora-gcc | 0.2.1 | 349.00 | 291.40 | 640.40 | OK | |
| r-devel-windows-x86_64 | 0.2.1 | 151.00 | 288.00 | 439.00 | OK | |
| r-patched-linux-x86_64 | 0.2.1 | 146.81 | 236.31 | 383.12 | OK | |
| r-release-linux-x86_64 | 0.2.1 | 153.62 | 234.30 | 387.92 | OK | |
| r-release-macos-arm64 | 0.2.1 | 51.00 | 97.00 | 148.00 | OK | |
| r-release-macos-x86_64 | 0.2.1 | 128.00 | 323.00 | 451.00 | OK | |
| r-release-windows-x86_64 | 0.2.1 | 142.00 | 278.00 | 420.00 | OK | |
| r-oldrel-macos-arm64 | 0.2.1 | 26.00 | 62.00 | 88.00 | NOTE | |
| r-oldrel-macos-x86_64 | 0.2.1 | 50.00 | 106.00 | 156.00 | NOTE | |
| r-oldrel-windows-x86_64 | 0.2.1 | 168.00 | 384.00 | 552.00 | NOTE |
Version: 0.2.1
Check: installed package size
Result: NOTE
installed size is 40.5Mb
sub-directories of 1Mb or more:
libs 40.2Mb
Flavors: r-oldrel-macos-arm64, r-oldrel-macos-x86_64
Version: 0.2.1
Check: for GNU extensions in Makefiles
Result: NOTE
GNU make is a SystemRequirements.
Flavors: r-oldrel-macos-arm64, r-oldrel-macos-x86_64, r-oldrel-windows-x86_64