CRAN Package Check Results for Package palmerpenguins

Last updated on 2025-11-04 13:50:21 CET.

Flavor Version Tinstall Tcheck Ttotal Status Flags
r-devel-linux-x86_64-debian-clang 0.1.1 1.65 22.14 23.79 NOTE
r-devel-linux-x86_64-debian-gcc 0.1.1 1.36 18.11 19.47 NOTE
r-devel-linux-x86_64-fedora-clang 0.1.1 33.19 OK
r-devel-linux-x86_64-fedora-gcc 0.1.1 31.55 OK
r-devel-windows-x86_64 0.1.1 5.00 39.00 44.00 OK
r-patched-linux-x86_64 0.1.1 1.53 19.48 21.01 OK
r-release-linux-x86_64 0.1.1 1.45 19.43 20.88 OK
r-release-macos-arm64 0.1.1 1.00 15.00 16.00 OK
r-release-macos-x86_64 0.1.1 3.00 29.00 32.00 OK
r-release-windows-x86_64 0.1.1 5.00 40.00 45.00 OK
r-oldrel-macos-arm64 0.1.1 1.00 21.00 22.00 OK
r-oldrel-macos-x86_64 0.1.1 1.00 19.00 20.00 OK
r-oldrel-windows-x86_64 0.1.1 3.00 46.00 49.00 OK

Check Details

Version: 0.1.1
Check: CRAN incoming feasibility
Result: NOTE Maintainer: ‘Allison Horst <ahorst@ucsb.edu>’ Package CITATION file contains call(s) to old-style citEntry(). Please use bibentry() instead. Flavors: r-devel-linux-x86_64-debian-clang, r-devel-linux-x86_64-debian-gcc