Last updated on 2024-07-16 18:49:15 CEST.
Flavor | Version | Tinstall | Tcheck | Ttotal | Status | Flags |
---|---|---|---|---|---|---|
r-devel-linux-x86_64-debian-clang | 0.5-13 | 8.76 | 78.55 | 87.31 | OK | |
r-devel-linux-x86_64-debian-gcc | 0.5-13 | 7.64 | 56.95 | 64.59 | OK | |
r-devel-linux-x86_64-fedora-clang | 0.5-13 | 112.23 | OK | |||
r-devel-linux-x86_64-fedora-gcc | 0.5-13 | 100.99 | OK | |||
r-devel-windows-x86_64 | 0.5-13 | 11.00 | 78.00 | 89.00 | NOTE | |
r-patched-linux-x86_64 | 0.5-13 | 15.05 | 72.86 | 87.91 | OK | |
r-release-linux-x86_64 | 0.5-13 | 5.43 | 71.83 | 77.26 | OK | |
r-release-macos-arm64 | 0.5-13 | 35.00 | OK | |||
r-release-macos-x86_64 | 0.5-13 | 64.00 | OK | |||
r-release-windows-x86_64 | 0.5-13 | 9.00 | 78.00 | 87.00 | OK | |
r-oldrel-macos-arm64 | 0.5-13 | 35.00 | OK | |||
r-oldrel-macos-x86_64 | 0.5-13 | 51.00 | OK | |||
r-oldrel-windows-x86_64 | 0.5-13 | 12.00 | 92.00 | 104.00 | OK |
Version: 0.5-13
Check: Rd cross-references
Result: NOTE
Found the following Rd file(s) with Rd \link{} targets missing package
anchors:
lp2.Rd: lp
Please provide package anchors for all Rd \link{} targets not in the
package itself and the base packages.
Flavor: r-devel-windows-x86_64