Last updated on 2025-11-04 13:50:20 CET.
| Flavor | Version | Tinstall | Tcheck | Ttotal | Status | Flags |
|---|---|---|---|---|---|---|
| r-devel-linux-x86_64-debian-clang | 2016.3.2 | 2.75 | 39.10 | 41.85 | OK | |
| r-devel-linux-x86_64-debian-gcc | 2016.3.2 | 1.93 | 29.31 | 31.24 | OK | |
| r-devel-linux-x86_64-fedora-clang | 2016.3.2 | 64.78 | OK | |||
| r-devel-linux-x86_64-fedora-gcc | 2016.3.2 | 77.46 | OK | |||
| r-devel-windows-x86_64 | 2016.3.2 | 6.00 | 68.00 | 74.00 | OK | |
| r-patched-linux-x86_64 | 2016.3.2 | 2.73 | 36.92 | 39.65 | OK | |
| r-release-linux-x86_64 | 2016.3.2 | 2.56 | 37.10 | 39.66 | OK | |
| r-release-macos-arm64 | 2016.3.2 | 2.00 | 37.00 | 39.00 | OK | |
| r-release-macos-x86_64 | 2016.3.2 | 3.00 | 62.00 | 65.00 | OK | |
| r-release-windows-x86_64 | 2016.3.2 | 3.00 | 69.00 | 72.00 | OK | |
| r-oldrel-macos-arm64 | 2016.3.2 | 2.00 | 26.00 | 28.00 | NOTE | |
| r-oldrel-macos-x86_64 | 2016.3.2 | 2.00 | 43.00 | 45.00 | NOTE | |
| r-oldrel-windows-x86_64 | 2016.3.2 | 4.00 | 76.00 | 80.00 | OK |
Version: 2016.3.2
Check: package dependencies
Result: NOTE
Packages suggested but not available for checking: 'Rvmmin', 'Rcgmin'
Flavors: r-oldrel-macos-arm64, r-oldrel-macos-x86_64