Last updated on 2024-06-17 07:49:39 CEST.
Flavor | Version | Tinstall | Tcheck | Ttotal | Status | Flags |
---|---|---|---|---|---|---|
r-devel-linux-x86_64-debian-clang | 1.2.0 | 5.25 | 82.39 | 87.64 | NOTE | |
r-devel-linux-x86_64-debian-gcc | 1.2.0 | 4.73 | 58.54 | 63.27 | NOTE | |
r-devel-linux-x86_64-fedora-clang | 1.2.0 | 108.35 | NOTE | |||
r-devel-linux-x86_64-fedora-gcc | 1.2.0 | 101.90 | NOTE | |||
r-devel-windows-x86_64 | 1.2.0 | 7.00 | 79.00 | 86.00 | NOTE | |
r-patched-linux-x86_64 | 1.2.0 | 7.23 | 78.53 | 85.76 | NOTE | |
r-release-linux-x86_64 | 1.2.0 | 6.97 | 79.12 | 86.09 | NOTE | |
r-release-macos-arm64 | 1.2.0 | 27.00 | NOTE | |||
r-release-macos-x86_64 | 1.2.0 | 42.00 | NOTE | |||
r-release-windows-x86_64 | 1.2.0 | 6.00 | 81.00 | 87.00 | NOTE | |
r-oldrel-macos-arm64 | 1.2.0 | 30.00 | NOTE | |||
r-oldrel-macos-x86_64 | 1.2.0 | 51.00 | NOTE | |||
r-oldrel-windows-x86_64 | 1.2.0 | 8.00 | 99.00 | 107.00 | NOTE |
Version: 1.2.0
Check: Rd files
Result: NOTE
checkRd: (-1) mixmeta-package.Rd:115: Escaped LaTeX specials: \&
checkRd: (-1) mixmeta.ml.Rd:56: Escaped LaTeX specials: \&
checkRd: (-1) ml.igls.Rd:62: Escaped LaTeX specials: \&
Flavors: r-devel-linux-x86_64-debian-clang, r-devel-linux-x86_64-debian-gcc, r-devel-linux-x86_64-fedora-clang, r-devel-linux-x86_64-fedora-gcc, r-devel-windows-x86_64, r-patched-linux-x86_64, r-release-linux-x86_64, r-release-macos-arm64, r-release-macos-x86_64, r-release-windows-x86_64, r-oldrel-macos-arm64, r-oldrel-macos-x86_64, r-oldrel-windows-x86_64
Version: 1.2.0
Check: Rd cross-references
Result: NOTE
Undeclared package ‘mvmeta’ in Rd xrefs
Flavor: r-devel-linux-x86_64-fedora-clang