Last updated on 2024-06-16 06:58:50 CEST.
Flavor | Version | Tinstall | Tcheck | Ttotal | Status | Flags |
---|---|---|---|---|---|---|
r-devel-linux-x86_64-debian-clang | 0.3 | 529.70 | 83.54 | 613.24 | OK | |
r-devel-linux-x86_64-debian-gcc | 0.3 | 356.68 | 64.94 | 421.62 | OK | |
r-devel-linux-x86_64-fedora-clang | 0.3 | 840.95 | OK | |||
r-devel-linux-x86_64-fedora-gcc | 0.3 | 960.93 | OK | |||
r-devel-windows-x86_64 | 0.3 | 378.00 | 112.00 | 490.00 | OK | |
r-patched-linux-x86_64 | 0.3 | 436.23 | 82.12 | 518.35 | OK | |
r-release-linux-x86_64 | 0.3 | 446.66 | 83.87 | 530.53 | OK | |
r-release-macos-arm64 | 0.3 | 138.00 | NOTE | |||
r-release-macos-x86_64 | 0.3 | 121.00 | NOTE | |||
r-release-windows-x86_64 | 0.3 | 385.00 | 115.00 | 500.00 | OK | |
r-oldrel-macos-arm64 | 0.3 | 186.00 | NOTE | |||
r-oldrel-macos-x86_64 | 0.3 | 190.00 | NOTE | |||
r-oldrel-windows-x86_64 | 0.3 | 480.00 | 137.00 | 617.00 | OK |
Version: 0.3
Check: installed package size
Result: NOTE
installed size is 20.4Mb
sub-directories of 1Mb or more:
libs 20.0Mb
Flavors: r-release-macos-arm64, r-release-macos-x86_64, r-oldrel-macos-arm64, r-oldrel-macos-x86_64