Last updated on 2025-11-04 13:50:18 CET.
| Flavor | Version | Tinstall | Tcheck | Ttotal | Status | Flags |
|---|---|---|---|---|---|---|
| r-devel-linux-x86_64-debian-clang | 0.2.0 | 48.46 | 37.93 | 86.39 | OK | |
| r-devel-linux-x86_64-debian-gcc | 0.2.0 | 35.84 | 31.04 | 66.88 | OK | |
| r-devel-linux-x86_64-fedora-clang | 0.2.0 | 107.00 | 33.60 | 140.60 | OK | |
| r-devel-linux-x86_64-fedora-gcc | 0.2.0 | 123.00 | 43.32 | 166.32 | OK | |
| r-devel-windows-x86_64 | 0.2.0 | 63.00 | 78.00 | 141.00 | OK | |
| r-patched-linux-x86_64 | 0.2.0 | 47.12 | 35.55 | 82.67 | OK | |
| r-release-linux-x86_64 | 0.2.0 | 48.79 | 35.48 | 84.27 | OK | |
| r-release-macos-arm64 | 0.2.0 | 24.00 | 30.00 | 54.00 | OK | |
| r-release-macos-x86_64 | 0.2.0 | 63.00 | 93.00 | 156.00 | OK | |
| r-release-windows-x86_64 | 0.2.0 | 66.00 | 92.00 | 158.00 | OK | |
| r-oldrel-macos-arm64 | 0.2.0 | 23.00 | 35.00 | 58.00 | NOTE | |
| r-oldrel-macos-x86_64 | 0.2.0 | 42.00 | 99.00 | 141.00 | NOTE | |
| r-oldrel-windows-x86_64 | 0.2.0 | 67.00 | 80.00 | 147.00 | NOTE |
Version: 0.2.0
Check: for GNU extensions in Makefiles
Result: NOTE
GNU make is a SystemRequirements.
Flavors: r-oldrel-macos-arm64, r-oldrel-macos-x86_64, r-oldrel-windows-x86_64