Last updated on 2025-11-04 13:50:18 CET.
| Flavor | Version | Tinstall | Tcheck | Ttotal | Status | Flags |
|---|---|---|---|---|---|---|
| r-devel-linux-x86_64-debian-clang | 0.1.3 | 2.75 | 42.09 | 44.84 | NOTE | |
| r-devel-linux-x86_64-debian-gcc | 0.1.3 | 2.02 | 32.56 | 34.58 | NOTE | |
| r-devel-linux-x86_64-fedora-clang | 0.1.3 | 13.00 | 58.06 | 71.06 | OK | |
| r-devel-linux-x86_64-fedora-gcc | 0.1.3 | 79.90 | OK | |||
| r-devel-windows-x86_64 | 0.1.3 | 5.00 | 64.00 | 69.00 | OK | |
| r-patched-linux-x86_64 | 0.1.3 | 3.54 | 40.37 | 43.91 | OK | |
| r-release-linux-x86_64 | 0.1.3 | 2.70 | 40.66 | 43.36 | OK | |
| r-release-macos-arm64 | 0.1.3 | 1.00 | 29.00 | 30.00 | OK | |
| r-release-macos-x86_64 | 0.1.3 | 3.00 | 55.00 | 58.00 | OK | |
| r-release-windows-x86_64 | 0.1.3 | 4.00 | 63.00 | 67.00 | OK | |
| r-oldrel-macos-arm64 | 0.1.3 | 2.00 | 26.00 | 28.00 | OK | |
| r-oldrel-macos-x86_64 | 0.1.3 | 2.00 | 43.00 | 45.00 | OK | |
| r-oldrel-windows-x86_64 | 0.1.3 | 7.00 | 78.00 | 85.00 | OK |
Version: 0.1.3
Check: CRAN incoming feasibility
Result: NOTE
Maintainer: ‘Ethan Z. Welty <ethan.welty+linbin@gmail.com>’
Package CITATION file contains call(s) to old-style personList() or
as.personList(). Please use c() on person objects instead.
Package CITATION file contains call(s) to old-style citEntry(). Please
use bibentry() instead.
Flavors: r-devel-linux-x86_64-debian-clang, r-devel-linux-x86_64-debian-gcc