Last updated on 2025-11-04 13:50:18 CET.
| Flavor | Version | Tinstall | Tcheck | Ttotal | Status | Flags |
|---|---|---|---|---|---|---|
| r-devel-linux-x86_64-debian-clang | 0.3.1 | 87.32 | 70.39 | 157.71 | OK | |
| r-devel-linux-x86_64-debian-gcc | 0.3.1 | 63.91 | 43.40 | 107.31 | OK | |
| r-devel-linux-x86_64-fedora-clang | 0.3.1 | 280.00 | -31.77 | 248.23 | OK | |
| r-devel-linux-x86_64-fedora-gcc | 0.3.1 | 166.00 | 90.96 | 256.96 | OK | |
| r-devel-windows-x86_64 | 0.3.1 | 72.00 | 96.00 | 168.00 | OK | |
| r-patched-linux-x86_64 | 0.3.1 | 80.83 | 64.29 | 145.12 | OK | |
| r-release-linux-x86_64 | 0.3.1 | 81.00 | 63.90 | 144.90 | OK | |
| r-release-macos-arm64 | 0.3.1 | 33.00 | 30.00 | 63.00 | OK | |
| r-release-macos-x86_64 | 0.3.1 | 80.00 | 60.00 | 140.00 | OK | |
| r-release-windows-x86_64 | 0.3.1 | 70.00 | 95.00 | 165.00 | OK | |
| r-oldrel-macos-arm64 | 0.3.1 | 32.00 | 30.00 | 62.00 | NOTE | |
| r-oldrel-macos-x86_64 | 0.3.1 | 53.00 | 45.00 | 98.00 | NOTE | |
| r-oldrel-windows-x86_64 | 0.3.1 | 92.00 | 123.00 | 215.00 | OK |
Version: 0.3.1
Check: installed package size
Result: NOTE
installed size is 8.4Mb
sub-directories of 1Mb or more:
libs 8.2Mb
Flavors: r-oldrel-macos-arm64, r-oldrel-macos-x86_64