Last updated on 2025-11-04 13:50:17 CET.
| Flavor | Version | Tinstall | Tcheck | Ttotal | Status | Flags |
|---|---|---|---|---|---|---|
| r-devel-linux-x86_64-debian-clang | 0.1.10 | 16.77 | 46.21 | 62.98 | NOTE | |
| r-devel-linux-x86_64-debian-gcc | 0.1.10 | 13.39 | 33.73 | 47.12 | NOTE | |
| r-devel-linux-x86_64-fedora-clang | 0.1.10 | 73.00 | 39.48 | 112.48 | OK | |
| r-devel-linux-x86_64-fedora-gcc | 0.1.10 | 37.00 | 61.30 | 98.30 | OK | |
| r-devel-windows-x86_64 | 0.1.10 | 27.00 | 79.00 | 106.00 | OK | |
| r-patched-linux-x86_64 | 0.1.10 | 18.47 | 43.52 | 61.99 | OK | |
| r-release-linux-x86_64 | 0.1.10 | 18.76 | 43.73 | 62.49 | OK | |
| r-release-macos-arm64 | 0.1.10 | 9.00 | 26.00 | 35.00 | OK | |
| r-release-macos-x86_64 | 0.1.10 | 10.00 | 50.00 | 60.00 | OK | |
| r-release-windows-x86_64 | 0.1.10 | 25.00 | 77.00 | 102.00 | OK | |
| r-oldrel-macos-arm64 | 0.1.10 | 10.00 | 23.00 | 33.00 | OK | |
| r-oldrel-macos-x86_64 | 0.1.10 | 9.00 | 34.00 | 43.00 | OK | |
| r-oldrel-windows-x86_64 | 0.1.10 | 29.00 | 101.00 | 130.00 | OK |
Version: 0.1.10
Check: CRAN incoming feasibility
Result: NOTE
Maintainer: ‘Tymoteusz Wolodzko <twolodzko+kernelboot@gmail.com>’
No Authors@R field in DESCRIPTION.
Please add one, modifying
Authors@R: person(given = "Tymoteusz",
family = "Wolodzko",
role = c("aut", "cre"),
email = "twolodzko+kernelboot@gmail.com")
as necessary.
Flavors: r-devel-linux-x86_64-debian-clang, r-devel-linux-x86_64-debian-gcc