Last updated on 2025-11-04 13:50:17 CET.
| Flavor | Version | Tinstall | Tcheck | Ttotal | Status | Flags |
|---|---|---|---|---|---|---|
| r-devel-linux-x86_64-debian-clang | 0.2.5 | 38.90 | 49.78 | 88.68 | OK | |
| r-devel-linux-x86_64-debian-gcc | 0.2.5 | 26.86 | 35.73 | 62.59 | OK | |
| r-devel-linux-x86_64-fedora-clang | 0.2.5 | 63.00 | 71.02 | 134.02 | OK | |
| r-devel-linux-x86_64-fedora-gcc | 0.2.5 | 90.00 | 61.46 | 151.46 | OK | |
| r-devel-windows-x86_64 | 0.2.5 | 43.00 | 84.00 | 127.00 | OK | |
| r-patched-linux-x86_64 | 0.2.5 | 35.57 | 53.10 | 88.67 | OK | |
| r-release-linux-x86_64 | 0.2.5 | 37.04 | 50.88 | 87.92 | OK | |
| r-release-macos-arm64 | 0.2.5 | 16.00 | 32.00 | 48.00 | OK | |
| r-release-macos-x86_64 | 0.2.5 | 40.00 | 70.00 | 110.00 | OK | |
| r-release-windows-x86_64 | 0.2.5 | 40.00 | 85.00 | 125.00 | OK | |
| r-oldrel-macos-arm64 | 0.2.5 | 15.00 | 36.00 | 51.00 | NOTE | |
| r-oldrel-macos-x86_64 | 0.2.5 | 39.00 | 60.00 | 99.00 | NOTE | |
| r-oldrel-windows-x86_64 | 0.2.5 | 52.00 | 105.00 | 157.00 | OK |
Version: 0.2.5
Check: installed package size
Result: NOTE
installed size is 6.1Mb
sub-directories of 1Mb or more:
libs 4.9Mb
Flavors: r-oldrel-macos-arm64, r-oldrel-macos-x86_64