Last updated on 2025-11-04 13:50:15 CET.
| Flavor | Version | Tinstall | Tcheck | Ttotal | Status | Flags |
|---|---|---|---|---|---|---|
| r-devel-linux-x86_64-debian-clang | 0.7.0 | 468.33 | 188.69 | 657.02 | OK | |
| r-devel-linux-x86_64-debian-gcc | 0.7.0 | 409.89 | 168.65 | 578.54 | OK | |
| r-devel-linux-x86_64-fedora-clang | 0.7.0 | 1740.00 | -691.20 | 1048.80 | OK | |
| r-devel-linux-x86_64-fedora-gcc | 0.7.0 | 2520.00 | -1104.36 | 1415.64 | OK | |
| r-devel-windows-x86_64 | 0.7.0 | 513.00 | 245.00 | 758.00 | OK | |
| r-patched-linux-x86_64 | 0.7.0 | 547.74 | 226.65 | 774.39 | OK | |
| r-release-linux-x86_64 | 0.7.0 | 552.89 | 225.80 | 778.69 | OK | |
| r-release-macos-arm64 | 0.7.0 | 195.00 | 73.00 | 268.00 | OK | |
| r-release-macos-x86_64 | 0.7.0 | 164.00 | 140.00 | 304.00 | OK | |
| r-release-windows-x86_64 | 0.7.0 | 489.00 | 239.00 | 728.00 | OK | |
| r-oldrel-macos-arm64 | 0.7.0 | 96.00 | 51.00 | 147.00 | NOTE | |
| r-oldrel-macos-x86_64 | 0.7.0 | 73.00 | 83.00 | 156.00 | NOTE | |
| r-oldrel-windows-x86_64 | 0.7.0 | 570.00 | 315.00 | 885.00 | OK |
Version: 0.7.0
Check: installed package size
Result: NOTE
installed size is 112.1Mb
sub-directories of 1Mb or more:
libs 111.6Mb
Flavors: r-oldrel-macos-arm64, r-oldrel-macos-x86_64
Version: 0.7.0
Check: for GNU extensions in Makefiles
Result: NOTE
GNU make is a SystemRequirements.
Flavors: r-oldrel-macos-arm64, r-oldrel-macos-x86_64