Last updated on 2025-11-04 13:50:15 CET.
| Flavor | Version | Tinstall | Tcheck | Ttotal | Status | Flags |
|---|---|---|---|---|---|---|
| r-devel-linux-x86_64-debian-clang | 0.1.3 | 6.57 | 50.87 | 57.44 | NOTE | |
| r-devel-linux-x86_64-debian-gcc | 0.1.3 | 4.61 | 37.96 | 42.57 | NOTE | |
| r-devel-linux-x86_64-fedora-clang | 0.1.3 | 27.00 | 65.57 | 92.57 | NOTE | |
| r-devel-linux-x86_64-fedora-gcc | 0.1.3 | 12.00 | 83.69 | 95.69 | NOTE | |
| r-devel-windows-x86_64 | 0.1.3 | 9.00 | 65.00 | 74.00 | NOTE | |
| r-patched-linux-x86_64 | 0.1.3 | 6.34 | 47.44 | 53.78 | NOTE | |
| r-release-linux-x86_64 | 0.1.3 | 6.25 | 47.61 | 53.86 | NOTE | |
| r-release-macos-arm64 | 0.1.3 | 5.00 | 57.00 | 62.00 | NOTE | |
| r-release-macos-x86_64 | 0.1.3 | 7.00 | 81.00 | 88.00 | NOTE | |
| r-release-windows-x86_64 | 0.1.3 | 9.00 | 64.00 | 73.00 | NOTE | |
| r-oldrel-macos-arm64 | 0.1.3 | 3.00 | 29.00 | 32.00 | NOTE | |
| r-oldrel-macos-x86_64 | 0.1.3 | 5.00 | 53.00 | 58.00 | NOTE | |
| r-oldrel-windows-x86_64 | 0.1.3 | 12.00 | 79.00 | 91.00 | NOTE |
Version: 0.1.3
Check: Rd files
Result: NOTE
checkRd: (-1) distribution_vector.Rd:14: Lost braces; missing escapes or markup?
14 | All standard distributions from {stats} package are covered. For a list
| ^
Flavors: r-devel-linux-x86_64-debian-clang, r-devel-linux-x86_64-debian-gcc, r-devel-linux-x86_64-fedora-clang, r-devel-linux-x86_64-fedora-gcc, r-devel-windows-x86_64, r-patched-linux-x86_64, r-release-linux-x86_64, r-release-macos-arm64, r-release-macos-x86_64, r-release-windows-x86_64, r-oldrel-macos-arm64, r-oldrel-macos-x86_64, r-oldrel-windows-x86_64