Last updated on 2024-07-16 18:49:08 CEST.
Flavor | Version | Tinstall | Tcheck | Ttotal | Status | Flags |
---|---|---|---|---|---|---|
r-devel-linux-x86_64-debian-clang | 0.6.0 | 2.73 | 31.99 | 34.72 | OK | |
r-devel-linux-x86_64-debian-gcc | 0.6.0 | 2.19 | 24.72 | 26.91 | OK | |
r-devel-linux-x86_64-fedora-clang | 0.6.0 | 47.30 | OK | |||
r-devel-linux-x86_64-fedora-gcc | 0.6.0 | 55.86 | OK | |||
r-devel-windows-x86_64 | 0.6.0 | 5.00 | 50.00 | 55.00 | OK | |
r-patched-linux-x86_64 | 0.6.0 | 3.51 | 31.42 | 34.93 | OK | |
r-release-linux-x86_64 | 0.6.0 | 2.67 | 31.63 | 34.30 | OK | |
r-release-macos-arm64 | 0.6.0 | 50.00 | OK | |||
r-release-macos-x86_64 | 0.6.0 | 88.00 | OK | |||
r-release-windows-x86_64 | 0.6.0 | 5.00 | 49.00 | 54.00 | OK | |
r-oldrel-macos-arm64 | 0.6.0 | 32.00 | ERROR | |||
r-oldrel-macos-x86_64 | 0.6.0 | 58.00 | ERROR | |||
r-oldrel-windows-x86_64 | 0.6.0 | 4.00 | 53.00 | 57.00 | OK |
Version: 0.6.0
Check: running R code from vignettes
Result: ERROR
Errors in running code in vignettes:
when running code in ‘erify.Rmd’
...
> emphasize("You're beautiful!", 3)
You're beautiful!
You're beautiful!
You're beautiful!
> emphasize(c, 3)
When sourcing ‘erify.R’:
Error: argument 1 (type 'builtin') cannot be handled by 'cat'
Execution halted
‘erify.Rmd’ using ‘UTF-8’... failed
Flavors: r-oldrel-macos-arm64, r-oldrel-macos-x86_64