Last updated on 2025-11-04 13:50:13 CET.
| Flavor | Version | Tinstall | Tcheck | Ttotal | Status | Flags |
|---|---|---|---|---|---|---|
| r-devel-linux-x86_64-debian-clang | 4.7.0 | 24.74 | 180.00 | 204.74 | OK | |
| r-devel-linux-x86_64-debian-gcc | 4.7.0 | 18.04 | 125.75 | 143.79 | OK | |
| r-devel-linux-x86_64-fedora-clang | 4.7.0 | 49.00 | 261.35 | 310.35 | OK | |
| r-devel-linux-x86_64-fedora-gcc | 4.7.0 | 52.00 | 258.33 | 310.33 | OK | |
| r-devel-windows-x86_64 | 4.7.0 | 25.00 | 193.00 | 218.00 | OK | |
| r-patched-linux-x86_64 | 4.7.0 | 27.04 | 170.01 | 197.05 | OK | |
| r-release-linux-x86_64 | 4.7.0 | 23.38 | 169.68 | 193.06 | OK | |
| r-release-macos-arm64 | 4.7.0 | 13.00 | 73.00 | 86.00 | OK | |
| r-release-macos-x86_64 | 4.7.0 | 22.00 | 148.00 | 170.00 | OK | |
| r-release-windows-x86_64 | 4.7.0 | 25.00 | 192.00 | 217.00 | OK | |
| r-oldrel-macos-arm64 | 4.7.0 | 13.00 | 81.00 | 94.00 | NOTE | |
| r-oldrel-macos-x86_64 | 4.7.0 | 19.00 | 154.00 | 173.00 | NOTE | |
| r-oldrel-windows-x86_64 | 4.7.0 | 36.00 | 244.00 | 280.00 | NOTE |
Version: 4.7.0
Check: installed package size
Result: NOTE
installed size is 5.8Mb
sub-directories of 1Mb or more:
data 4.7Mb
Flavors: r-oldrel-macos-arm64, r-oldrel-macos-x86_64, r-oldrel-windows-x86_64