Last updated on 2024-06-16 06:58:44 CEST.
Flavor | Version | Tinstall | Tcheck | Ttotal | Status | Flags |
---|---|---|---|---|---|---|
r-devel-linux-x86_64-debian-clang | 2.8.2 | 9.54 | 160.81 | 170.35 | OK | |
r-devel-linux-x86_64-debian-gcc | 2.8.2 | 8.56 | 119.22 | 127.78 | OK | |
r-devel-linux-x86_64-fedora-clang | 2.8.2 | 214.03 | OK | |||
r-devel-linux-x86_64-fedora-gcc | 2.8.2 | 217.46 | OK | |||
r-devel-windows-x86_64 | 2.8.2 | 10.00 | 141.00 | 151.00 | OK | |
r-patched-linux-x86_64 | 2.8.2 | 10.20 | 155.46 | 165.66 | OK | |
r-release-linux-x86_64 | 2.8.2 | 12.17 | 158.38 | 170.55 | OK | |
r-release-macos-arm64 | 2.8.2 | 70.00 | OK | |||
r-release-macos-x86_64 | 2.8.2 | 103.00 | WARN | |||
r-release-windows-x86_64 | 2.8.2 | 10.00 | 146.00 | 156.00 | OK | |
r-oldrel-macos-arm64 | 2.8.2 | 78.00 | OK | |||
r-oldrel-macos-x86_64 | 2.8.2 | 139.00 | OK | |||
r-oldrel-windows-x86_64 | 2.8.2 | 13.00 | 170.00 | 183.00 | OK |
Version: 2.8.2
Check: re-building of vignette outputs
Result: WARN
Error(s) in re-building vignettes:
--- re-building ‘distr.Rnw’ using knitr
Warning in doTryCatch(return(expr), name, parentenv, handler) :
"panel.first" is not a graphical parameter
Warning in doTryCatch(return(expr), name, parentenv, handler) :
"panel.last" is not a graphical parameter
Warning in doTryCatch(return(expr), name, parentenv, handler) :
"panel.first" is not a graphical parameter
Warning in doTryCatch(return(expr), name, parentenv, handler) :
"panel.last" is not a graphical parameter
Warning in doTryCatch(return(expr), name, parentenv, handler) :
"panel.first" is not a graphical parameter
Warning in doTryCatch(return(expr), name, parentenv, handler) :
"panel.last" is not a graphical parameter
Warning in doTryCatch(return(expr), name, parentenv, handler) :
"log" is not a graphical parameter
Warning in doTryCatch(return(expr), name, parentenv, handler) :
"panel.first" is not a graphical parameter
Warning in doTryCatch(return(expr), name, parentenv, handler) :
"panel.first" is not a graphical parameter
Warning in doTryCatch(return(expr), name, parentenv, handler) :
"panel.last" is not a graphical parameter
Error: processing vignette 'distr.Rnw' failed with diagnostics:
Running 'texi2dvi' on 'distr.tex' failed.
LaTeX errors:
! Undefined control sequence.
l.413 \hlkwd{require}\hldef
{(distr)}
?
! Emergency stop.
! Emergency stop.
l.413
End of file on the terminal!
! ==> Fatal error occurred, no output PDF file produced!
--- failed re-building ‘distr.Rnw’
SUMMARY: processing the following file failed:
‘distr.Rnw’
Error: Vignette re-building failed.
Execution halted
Flavor: r-release-macos-x86_64