Last updated on 2025-11-04 13:50:13 CET.
| Flavor | Version | Tinstall | Tcheck | Ttotal | Status | Flags |
|---|---|---|---|---|---|---|
| r-devel-linux-x86_64-debian-clang | 1.1 | 7.15 | 75.92 | 83.07 | NOTE | |
| r-devel-linux-x86_64-debian-gcc | 1.1 | 5.03 | 57.48 | 62.51 | NOTE | |
| r-devel-linux-x86_64-fedora-clang | 1.1 | 18.00 | 108.79 | 126.79 | OK | |
| r-devel-linux-x86_64-fedora-gcc | 1.1 | 17.00 | 106.14 | 123.14 | OK | |
| r-devel-windows-x86_64 | 1.1 | 9.00 | 83.00 | 92.00 | OK | |
| r-patched-linux-x86_64 | 1.1 | 6.85 | 73.33 | 80.18 | OK | |
| r-release-linux-x86_64 | 1.1 | 7.87 | 74.63 | 82.50 | OK | |
| r-release-macos-arm64 | 1.1 | 4.00 | 35.00 | 39.00 | OK | |
| r-release-macos-x86_64 | 1.1 | 7.00 | 78.00 | 85.00 | OK | |
| r-release-windows-x86_64 | 1.1 | 9.00 | 82.00 | 91.00 | OK | |
| r-oldrel-macos-arm64 | 1.1 | 4.00 | 31.00 | 35.00 | OK | |
| r-oldrel-macos-x86_64 | 1.1 | 5.00 | 48.00 | 53.00 | OK | |
| r-oldrel-windows-x86_64 | 1.1 | 10.00 | 103.00 | 113.00 | OK |
Version: 1.1
Check: CRAN incoming feasibility
Result: NOTE
Maintainer: ‘Fan Yang <fyang1@uchicago.edu>’
The Description field contains
<arXiv:1906.00051>) by decomposing a large covariance matrix into a
Please refer to arXiv e-prints via their arXiv DOI <doi:10.48550/arXiv.YYMM.NNNNN>.
Flavors: r-devel-linux-x86_64-debian-clang, r-devel-linux-x86_64-debian-gcc