Last updated on 2025-11-04 13:50:13 CET.
| Flavor | Version | Tinstall | Tcheck | Ttotal | Status | Flags |
|---|---|---|---|---|---|---|
| r-devel-linux-x86_64-debian-clang | 2.3-3 | 25.38 | 180.42 | 205.80 | OK | |
| r-devel-linux-x86_64-debian-gcc | 2.3-3 | 20.98 | 132.07 | 153.05 | OK | |
| r-devel-linux-x86_64-fedora-clang | 2.3-3 | 56.00 | 265.14 | 321.14 | OK | |
| r-devel-linux-x86_64-fedora-gcc | 2.3-3 | 58.00 | 251.77 | 309.77 | OK | |
| r-devel-windows-x86_64 | 2.3-3 | 23.00 | 169.00 | 192.00 | OK | |
| r-patched-linux-x86_64 | 2.3-3 | 29.26 | 174.39 | 203.65 | OK | |
| r-release-linux-x86_64 | 2.3-3 | 24.65 | 174.95 | 199.60 | OK | |
| r-release-macos-arm64 | 2.3-3 | 7.00 | 63.00 | 70.00 | OK | |
| r-release-macos-x86_64 | 2.3-3 | 12.00 | 103.00 | 115.00 | OK | |
| r-release-windows-x86_64 | 2.3-3 | 24.00 | 167.00 | 191.00 | OK | |
| r-oldrel-macos-arm64 | 2.3-3 | 6.00 | 62.00 | 68.00 | NOTE | |
| r-oldrel-macos-x86_64 | 2.3-3 | 14.00 | 109.00 | 123.00 | NOTE | |
| r-oldrel-windows-x86_64 | 2.3-3 | 29.00 | 212.00 | 241.00 | NOTE |
Version: 2.3-3
Check: package dependencies
Result: NOTE
Package suggested but not available for checking: ‘BRugs’
Flavors: r-oldrel-macos-arm64, r-oldrel-macos-x86_64, r-oldrel-windows-x86_64