CRAN Package Check Results for Package datoramar

Last updated on 2025-11-04 13:50:12 CET.

Flavor Version Tinstall Tcheck Ttotal Status Flags
r-devel-linux-x86_64-debian-clang 0.1.0 1.57 18.34 19.91 OK
r-devel-linux-x86_64-debian-gcc 0.1.0 1.39 15.23 16.62 OK
r-devel-linux-x86_64-fedora-clang 0.1.0 28.78 OK
r-devel-linux-x86_64-fedora-gcc 0.1.0 27.95 OK
r-devel-windows-x86_64 0.1.0 4.00 37.00 41.00 OK
r-patched-linux-x86_64 0.1.0 1.57 17.17 18.74 OK
r-release-linux-x86_64 0.1.0 1.14 17.29 18.43 OK
r-release-macos-arm64 0.1.0 1.00 14.00 15.00 OK
r-release-macos-x86_64 0.1.0 1.00 23.00 24.00 OK
r-release-windows-x86_64 0.1.0 4.00 35.00 39.00 OK
r-oldrel-macos-arm64 0.1.0 1.00 13.00 14.00 NOTE
r-oldrel-macos-x86_64 0.1.0 1.00 19.00 20.00 NOTE
r-oldrel-windows-x86_64 0.1.0 4.00 41.00 45.00 NOTE

Check Details

Version: 0.1.0
Check: LazyData
Result: NOTE 'LazyData' is specified without a 'data' directory Flavors: r-oldrel-macos-arm64, r-oldrel-macos-x86_64, r-oldrel-windows-x86_64