Last updated on 2025-11-04 13:50:12 CET.
| Flavor | Version | Tinstall | Tcheck | Ttotal | Status | Flags |
|---|---|---|---|---|---|---|
| r-devel-linux-x86_64-debian-clang | 0.2.0 | 15.17 | 189.45 | 204.62 | OK | |
| r-devel-linux-x86_64-debian-gcc | 0.2.0 | 11.42 | 134.02 | 145.44 | OK | |
| r-devel-linux-x86_64-fedora-clang | 0.2.0 | 35.00 | 274.13 | 309.13 | NOTE | |
| r-devel-linux-x86_64-fedora-gcc | 0.2.0 | 32.00 | 294.83 | 326.83 | NOTE | |
| r-devel-windows-x86_64 | 0.2.0 | 18.00 | 186.00 | 204.00 | OK | |
| r-patched-linux-x86_64 | 0.2.0 | 16.04 | 181.35 | 197.39 | OK | |
| r-release-linux-x86_64 | 0.2.0 | 14.55 | 179.87 | 194.42 | OK | |
| r-release-macos-arm64 | 0.2.0 | 6.00 | 74.00 | 80.00 | OK | |
| r-release-macos-x86_64 | 0.2.0 | 18.00 | 190.00 | 208.00 | OK | |
| r-release-windows-x86_64 | 0.2.0 | 18.00 | 184.00 | 202.00 | OK | |
| r-oldrel-macos-arm64 | 0.2.0 | 6.00 | 82.00 | 88.00 | OK | |
| r-oldrel-macos-x86_64 | 0.2.0 | 12.00 | 160.00 | 172.00 | OK | |
| r-oldrel-windows-x86_64 | 0.2.0 | 23.00 | 249.00 | 272.00 | OK |
Version: 0.2.0
Check: dependencies in R code
Result: NOTE
Namespace in Imports field not imported from: ‘utils’
All declared Imports should be used.
Flavors: r-devel-linux-x86_64-fedora-clang, r-devel-linux-x86_64-fedora-gcc