CRAN Package Check Results for Package chyper

Last updated on 2025-11-04 13:50:11 CET.

Flavor Version Tinstall Tcheck Ttotal Status Flags
r-devel-linux-x86_64-debian-clang 0.3.1 2.04 31.54 33.58 NOTE
r-devel-linux-x86_64-debian-gcc 0.3.1 1.86 24.74 26.60 NOTE
r-devel-linux-x86_64-fedora-clang 0.3.1 52.31 OK
r-devel-linux-x86_64-fedora-gcc 0.3.1 71.12 OK
r-devel-windows-x86_64 0.3.1 5.00 57.00 62.00 OK
r-patched-linux-x86_64 0.3.1 2.57 30.14 32.71 OK
r-release-linux-x86_64 0.3.1 2.41 30.05 32.46 OK
r-release-macos-arm64 0.3.1 1.00 28.00 29.00 OK
r-release-macos-x86_64 0.3.1 2.00 58.00 60.00 OK
r-release-windows-x86_64 0.3.1 3.00 56.00 59.00 OK
r-oldrel-macos-arm64 0.3.1 1.00 31.00 32.00 OK
r-oldrel-macos-x86_64 0.3.1 2.00 46.00 48.00 OK
r-oldrel-windows-x86_64 0.3.1 5.00 61.00 66.00 OK

Check Details

Version: 0.3.1
Check: CRAN incoming feasibility
Result: NOTE Maintainer: ‘William Nickols <willnickols@college.harvard.edu>’ No Authors@R field in DESCRIPTION. Please add one, modifying Authors@R: person(given = "William", family = "Nickols", role = c("aut", "cre"), email = "willnickols@college.harvard.edu") as necessary. Flavors: r-devel-linux-x86_64-debian-clang, r-devel-linux-x86_64-debian-gcc