Last updated on 2025-11-04 13:50:11 CET.
| Flavor | Version | Tinstall | Tcheck | Ttotal | Status | Flags |
|---|---|---|---|---|---|---|
| r-devel-linux-x86_64-debian-clang | 0.9.9 | 64.24 | 387.67 | 451.91 | OK | |
| r-devel-linux-x86_64-debian-gcc | 0.9.9 | 42.33 | 238.45 | 280.78 | OK | |
| r-devel-linux-x86_64-fedora-clang | 0.9.9 | 142.00 | 607.85 | 749.85 | OK | |
| r-devel-linux-x86_64-fedora-gcc | 0.9.9 | 130.00 | 565.68 | 695.68 | OK | |
| r-devel-windows-x86_64 | 0.9.9 | 60.00 | 354.00 | 414.00 | OK | |
| r-patched-linux-x86_64 | 0.9.9 | 59.25 | 355.87 | 415.12 | OK | |
| r-release-linux-x86_64 | 0.9.9 | 54.98 | 359.33 | 414.31 | OK | |
| r-release-macos-arm64 | 0.9.9 | 33.00 | 176.00 | 209.00 | OK | |
| r-release-macos-x86_64 | 0.9.9 | 101.00 | 566.00 | 667.00 | OK | |
| r-release-windows-x86_64 | 0.9.9 | 59.00 | 348.00 | 407.00 | OK | |
| r-oldrel-macos-arm64 | 0.9.9 | 35.00 | 193.00 | 228.00 | NOTE | |
| r-oldrel-macos-x86_64 | 0.9.9 | 116.00 | 547.00 | 663.00 | NOTE | |
| r-oldrel-windows-x86_64 | 0.9.9 | 81.00 | 511.00 | 592.00 | NOTE |
Version: 0.9.9
Check: installed package size
Result: NOTE
installed size is 6.9Mb
sub-directories of 1Mb or more:
data 3.0Mb
extdata 2.9Mb
Flavors: r-oldrel-macos-arm64, r-oldrel-macos-x86_64, r-oldrel-windows-x86_64