Last updated on 2025-11-04 13:50:11 CET.
| Flavor | Version | Tinstall | Tcheck | Ttotal | Status | Flags |
|---|---|---|---|---|---|---|
| r-devel-linux-x86_64-debian-clang | 0.9.5 | 2.70 | 90.71 | 93.41 | OK | |
| r-devel-linux-x86_64-debian-gcc | 0.9.5 | 2.14 | 70.17 | 72.31 | OK | |
| r-devel-linux-x86_64-fedora-clang | 0.9.5 | 132.34 | OK | |||
| r-devel-linux-x86_64-fedora-gcc | 0.9.5 | 150.53 | OK | |||
| r-devel-windows-x86_64 | 0.9.5 | 5.00 | 94.00 | 99.00 | OK | |
| r-patched-linux-x86_64 | 0.9.5 | 3.22 | 79.01 | 82.23 | OK | |
| r-release-linux-x86_64 | 0.9.5 | 2.88 | 85.10 | 87.98 | OK | |
| r-release-macos-arm64 | 0.9.5 | 1.00 | 52.00 | 53.00 | OK | |
| r-release-macos-x86_64 | 0.9.5 | 4.00 | 93.00 | 97.00 | OK | |
| r-release-windows-x86_64 | 0.9.5 | 5.00 | 93.00 | 98.00 | OK | |
| r-oldrel-macos-arm64 | 0.9.5 | 1.00 | 57.00 | 58.00 | NOTE | |
| r-oldrel-macos-x86_64 | 0.9.5 | 2.00 | 98.00 | 100.00 | NOTE | |
| r-oldrel-windows-x86_64 | 0.9.5 | 6.00 | 132.00 | 138.00 | NOTE |
Version: 0.9.5
Check: installed package size
Result: NOTE
installed size is 20.9Mb
sub-directories of 1Mb or more:
doc 20.6Mb
Flavors: r-oldrel-macos-arm64, r-oldrel-macos-x86_64, r-oldrel-windows-x86_64