Last updated on 2025-11-04 13:50:11 CET.
| Flavor | Version | Tinstall | Tcheck | Ttotal | Status | Flags |
|---|---|---|---|---|---|---|
| r-devel-linux-x86_64-debian-clang | 1.1.0 | 1.64 | 25.76 | 27.40 | OK | |
| r-devel-linux-x86_64-debian-gcc | 1.1.0 | 1.38 | 21.25 | 22.63 | OK | |
| r-devel-linux-x86_64-fedora-clang | 1.1.0 | 40.02 | OK | |||
| r-devel-linux-x86_64-fedora-gcc | 1.1.0 | 51.87 | OK | |||
| r-devel-windows-x86_64 | 1.1.0 | 3.00 | 44.00 | 47.00 | OK | |
| r-patched-linux-x86_64 | 1.1.0 | 1.67 | 23.38 | 25.05 | OK | |
| r-release-linux-x86_64 | 1.1.0 | 1.66 | 23.62 | 25.28 | OK | |
| r-release-macos-arm64 | 1.1.0 | 1.00 | 28.00 | 29.00 | OK | |
| r-release-macos-x86_64 | 1.1.0 | 2.00 | 48.00 | 50.00 | OK | |
| r-release-windows-x86_64 | 1.1.0 | 3.00 | 45.00 | 48.00 | OK | |
| r-oldrel-macos-arm64 | 1.1.0 | 1.00 | 23.00 | 24.00 | NOTE | |
| r-oldrel-macos-x86_64 | 1.1.0 | 2.00 | 49.00 | 51.00 | NOTE | |
| r-oldrel-windows-x86_64 | 1.1.0 | 3.00 | 50.00 | 53.00 | NOTE |
Version: 1.1.0
Check: LazyData
Result: NOTE
'LazyData' is specified without a 'data' directory
Flavors: r-oldrel-macos-arm64, r-oldrel-macos-x86_64, r-oldrel-windows-x86_64