Last updated on 2025-11-04 13:50:11 CET.
| Flavor | Version | Tinstall | Tcheck | Ttotal | Status | Flags |
|---|---|---|---|---|---|---|
| r-devel-linux-x86_64-debian-clang | 2.23.0 | 56.20 | 542.93 | 599.13 | OK | |
| r-devel-linux-x86_64-debian-gcc | 2.23.0 | 38.89 | 349.65 | 388.54 | OK | |
| r-devel-linux-x86_64-fedora-clang | 2.23.0 | 122.00 | 885.99 | 1007.99 | OK | |
| r-devel-linux-x86_64-fedora-gcc | 2.23.0 | 112.00 | 809.57 | 921.57 | OK | |
| r-devel-windows-x86_64 | 2.23.0 | 51.00 | 219.00 | 270.00 | OK | --no-examples --no-tests --no-vignettes |
| r-patched-linux-x86_64 | 2.23.0 | 66.77 | 518.33 | 585.10 | OK | |
| r-release-linux-x86_64 | 2.23.0 | 61.19 | 511.80 | 572.99 | OK | |
| r-release-macos-arm64 | 2.23.0 | 23.00 | 214.00 | 237.00 | OK | |
| r-release-macos-x86_64 | 2.23.0 | 55.00 | 436.00 | 491.00 | OK | |
| r-release-windows-x86_64 | 2.23.0 | 50.00 | 213.00 | 263.00 | OK | --no-examples --no-tests --no-vignettes |
| r-oldrel-macos-arm64 | 2.23.0 | 30.00 | 201.00 | 231.00 | NOTE | |
| r-oldrel-macos-x86_64 | 2.23.0 | 51.00 | 385.00 | 436.00 | NOTE | |
| r-oldrel-windows-x86_64 | 2.23.0 | 78.00 | 222.00 | 300.00 | NOTE | --no-examples --no-tests --no-vignettes |
Version: 2.23.0
Check: package dependencies
Result: NOTE
Package suggested but not available for checking: ‘cmdstanr’
Flavors: r-oldrel-macos-arm64, r-oldrel-macos-x86_64
Version: 2.23.0
Check: installed package size
Result: NOTE
installed size is 9.2Mb
sub-directories of 1Mb or more:
R 4.1Mb
doc 3.6Mb
Flavors: r-oldrel-macos-arm64, r-oldrel-macos-x86_64
Version: 2.23.0
Flags: --no-examples --no-tests --no-vignettes
Check: package dependencies
Result: NOTE
Package suggested but not available for checking: 'cmdstanr'
Flavor: r-oldrel-windows-x86_64
Version: 2.23.0
Flags: --no-examples --no-tests --no-vignettes
Check: installed package size
Result: NOTE
installed size is 8.8Mb
sub-directories of 1Mb or more:
R 3.8Mb
doc 3.6Mb
Flavor: r-oldrel-windows-x86_64