Last updated on 2025-11-04 13:50:11 CET.
| Flavor | Version | Tinstall | Tcheck | Ttotal | Status | Flags |
|---|---|---|---|---|---|---|
| r-devel-linux-x86_64-debian-clang | 0.1.0 | 9.09 | 63.43 | 72.52 | OK | |
| r-devel-linux-x86_64-debian-gcc | 0.1.0 | 6.91 | 49.14 | 56.05 | OK | |
| r-devel-linux-x86_64-fedora-clang | 0.1.0 | 21.00 | 90.63 | 111.63 | NOTE | |
| r-devel-linux-x86_64-fedora-gcc | 0.1.0 | 18.00 | 103.78 | 121.78 | NOTE | |
| r-devel-windows-x86_64 | 0.1.0 | 11.00 | 86.00 | 97.00 | OK | |
| r-patched-linux-x86_64 | 0.1.0 | 8.81 | 61.60 | 70.41 | OK | |
| r-release-linux-x86_64 | 0.1.0 | 7.56 | 63.25 | 70.81 | OK | |
| r-release-macos-arm64 | 0.1.0 | 4.00 | 51.00 | 55.00 | OK | |
| r-release-macos-x86_64 | 0.1.0 | 8.00 | 73.00 | 81.00 | OK | |
| r-release-windows-x86_64 | 0.1.0 | 10.00 | 85.00 | 95.00 | OK | |
| r-oldrel-macos-arm64 | 0.1.0 | 5.00 | 51.00 | 56.00 | OK | |
| r-oldrel-macos-x86_64 | 0.1.0 | 7.00 | 73.00 | 80.00 | OK | |
| r-oldrel-windows-x86_64 | 0.1.0 | 14.00 | 101.00 | 115.00 | OK |
Version: 0.1.0
Check: dependencies in R code
Result: NOTE
Namespaces in Imports field not imported from:
‘CCA’ ‘brainR’ ‘elasticnet’
All declared Imports should be used.
Flavors: r-devel-linux-x86_64-fedora-clang, r-devel-linux-x86_64-fedora-gcc