Last updated on 2025-11-04 13:50:10 CET.
| Flavor | Version | Tinstall | Tcheck | Ttotal | Status | Flags |
|---|---|---|---|---|---|---|
| r-devel-linux-x86_64-debian-clang | 0.1.0 | 9.78 | 132.76 | 142.54 | OK | |
| r-devel-linux-x86_64-debian-gcc | 0.1.0 | 6.83 | 93.56 | 100.39 | OK | |
| r-devel-linux-x86_64-fedora-clang | 0.1.0 | 40.00 | 196.93 | 236.93 | OK | |
| r-devel-linux-x86_64-fedora-gcc | 0.1.0 | 21.00 | 199.71 | 220.71 | OK | |
| r-devel-windows-x86_64 | 0.1.0 | 15.00 | 145.00 | 160.00 | OK | |
| r-patched-linux-x86_64 | 0.1.0 | 10.03 | 124.14 | 134.17 | OK | |
| r-release-linux-x86_64 | 0.1.0 | 8.32 | 124.01 | 132.33 | OK | |
| r-release-macos-arm64 | 0.1.0 | 4.00 | 52.00 | 56.00 | OK | |
| r-release-macos-x86_64 | 0.1.0 | 8.00 | 95.00 | 103.00 | OK | |
| r-release-windows-x86_64 | 0.1.0 | 15.00 | 139.00 | 154.00 | OK | |
| r-oldrel-macos-arm64 | 0.1.0 | 3.00 | 39.00 | 42.00 | NOTE | |
| r-oldrel-macos-x86_64 | 0.1.0 | 9.00 | 101.00 | 110.00 | NOTE | |
| r-oldrel-windows-x86_64 | 0.1.0 | 18.00 | 179.00 | 197.00 | NOTE |
Version: 0.1.0
Check: installed package size
Result: NOTE
installed size is 10.7Mb
sub-directories of 1Mb or more:
doc 9.9Mb
Flavors: r-oldrel-macos-arm64, r-oldrel-macos-x86_64, r-oldrel-windows-x86_64