Last updated on 2025-11-04 13:50:10 CET.
| Flavor | Version | Tinstall | Tcheck | Ttotal | Status | Flags |
|---|---|---|---|---|---|---|
| r-devel-linux-x86_64-debian-clang | 0.5-9 | 931.97 | 241.24 | 1173.21 | OK | |
| r-devel-linux-x86_64-debian-gcc | 0.5-9 | 605.31 | 183.49 | 788.80 | OK | |
| r-devel-linux-x86_64-fedora-clang | 0.5-9 | 2040.00 | -717.64 | 1322.36 | OK | |
| r-devel-linux-x86_64-fedora-gcc | 0.5-9 | 1920.00 | -165.68 | 1754.32 | OK | |
| r-devel-windows-x86_64 | 0.5-9 | 541.00 | 243.00 | 784.00 | OK | |
| r-patched-linux-x86_64 | 0.5-9 | 701.79 | 250.06 | 951.85 | OK | |
| r-release-linux-x86_64 | 0.5-9 | 722.11 | 250.10 | 972.21 | OK | |
| r-release-macos-arm64 | 0.5-9 | 279.00 | 81.00 | 360.00 | OK | |
| r-release-macos-x86_64 | 0.5-9 | 553.00 | 118.00 | 671.00 | OK | |
| r-release-windows-x86_64 | 0.5-9 | 570.00 | 241.00 | 811.00 | OK | |
| r-oldrel-macos-arm64 | 0.5-9 | 275.00 | 89.00 | 364.00 | NOTE | |
| r-oldrel-macos-x86_64 | 0.5-9 | 600.00 | 149.00 | 749.00 | NOTE | |
| r-oldrel-windows-x86_64 | 0.5-9 | 745.00 | 332.00 | 1077.00 | NOTE |
Version: 0.5-9
Check: package dependencies
Result: NOTE
Packages suggested but not available for checking: 'cmdstanr', 'blavsam'
Flavors: r-oldrel-macos-arm64, r-oldrel-macos-x86_64, r-oldrel-windows-x86_64
Version: 0.5-9
Check: installed package size
Result: NOTE
installed size is 163.7Mb
sub-directories of 1Mb or more:
R 2.0Mb
libs 159.9Mb
testdata 1.5Mb
Flavors: r-oldrel-macos-arm64, r-oldrel-macos-x86_64, r-oldrel-windows-x86_64
Version: 0.5-9
Check: for GNU extensions in Makefiles
Result: NOTE
GNU make is a SystemRequirements.
Flavors: r-oldrel-macos-arm64, r-oldrel-macos-x86_64, r-oldrel-windows-x86_64