Last updated on 2025-11-04 13:50:09 CET.
| Flavor | Version | Tinstall | Tcheck | Ttotal | Status | Flags |
|---|---|---|---|---|---|---|
| r-devel-linux-x86_64-debian-clang | 3.4 | 21.88 | 104.43 | 126.31 | NOTE | |
| r-devel-linux-x86_64-debian-gcc | 3.4 | 14.50 | 64.48 | 78.98 | NOTE | |
| r-devel-linux-x86_64-fedora-clang | 3.4 | 47.00 | 157.34 | 204.34 | OK | |
| r-devel-linux-x86_64-fedora-gcc | 3.4 | 46.00 | 141.05 | 187.05 | OK | |
| r-devel-windows-x86_64 | 3.4 | 21.00 | 98.00 | 119.00 | OK | |
| r-patched-linux-x86_64 | 3.4 | 20.39 | 96.40 | 116.79 | OK | |
| r-release-linux-x86_64 | 3.4 | 21.28 | 99.18 | 120.46 | OK | |
| r-release-macos-arm64 | 3.4 | 10.00 | 39.00 | 49.00 | OK | |
| r-release-macos-x86_64 | 3.4 | 19.00 | 72.00 | 91.00 | OK | |
| r-release-windows-x86_64 | 3.4 | 20.00 | 94.00 | 114.00 | OK | |
| r-oldrel-macos-arm64 | 3.4 | 9.00 | 37.00 | 46.00 | OK | |
| r-oldrel-macos-x86_64 | 3.4 | 15.00 | 57.00 | 72.00 | OK | |
| r-oldrel-windows-x86_64 | 3.4 | 30.00 | 125.00 | 155.00 | OK |
Version: 3.4
Check: CRAN incoming feasibility
Result: NOTE
Maintainer: ‘Benjamin M Delory <Benjamin.Delory@leuphana.de>’
No Authors@R field in DESCRIPTION.
Please add one, modifying
Authors@R: c(person(given = c("Benjamin", "M"),
family = "Delory",
role = c("aut", "cre"),
email = "benjamin.delory@leuphana.de"),
person(given = "Caroline",
family = "Baudson",
role = "aut"),
person(given = "Yves",
family = "Brostaux",
role = "aut"),
person(given = "Guillaume",
family = "Lobet",
role = "aut"),
person(given = c("Patrick", "du"),
family = "Jardin",
role = "aut"),
person(given = "Loic",
family = "Pages",
role = "aut"),
person(given = "Pierre",
family = "Delaplace",
role = "aut"))
as necessary.
Flavors: r-devel-linux-x86_64-debian-clang, r-devel-linux-x86_64-debian-gcc