Last updated on 2025-11-04 13:50:09 CET.
| Flavor | Version | Tinstall | Tcheck | Ttotal | Status | Flags |
|---|---|---|---|---|---|---|
| r-devel-linux-x86_64-debian-clang | 1.0.7.2 | 4.61 | 43.14 | 47.75 | OK | |
| r-devel-linux-x86_64-debian-gcc | 1.0.7.2 | 3.25 | 31.59 | 34.84 | OK | |
| r-devel-linux-x86_64-fedora-clang | 1.0.7.2 | 31.00 | 44.67 | 75.67 | OK | |
| r-devel-linux-x86_64-fedora-gcc | 1.0.7.2 | 66.56 | OK | |||
| r-devel-windows-x86_64 | 1.0.7.2 | 8.00 | 73.00 | 81.00 | OK | |
| r-patched-linux-x86_64 | 1.0.7.2 | 5.63 | 40.77 | 46.40 | OK | |
| r-release-linux-x86_64 | 1.0.7.2 | 4.28 | 40.82 | 45.10 | OK | |
| r-release-macos-arm64 | 1.0.7.2 | 2.00 | 28.00 | 30.00 | OK | |
| r-release-macos-x86_64 | 1.0.7.2 | 4.00 | 50.00 | 54.00 | OK | |
| r-release-windows-x86_64 | 1.0.7.2 | 7.00 | 73.00 | 80.00 | OK | |
| r-oldrel-macos-arm64 | 1.0.7.2 | 2.00 | 23.00 | 25.00 | OK | |
| r-oldrel-macos-x86_64 | 1.0.7.2 | 3.00 | 31.00 | 34.00 | NOTE | |
| r-oldrel-windows-x86_64 | 1.0.7.2 | 9.00 | 92.00 | 101.00 | OK |
Version: 1.0.7.2
Check: package dependencies
Result: NOTE
Package suggested but not available for checking: ‘arrow’
Flavor: r-oldrel-macos-x86_64