Last updated on 2024-06-08 06:50:42 CEST.
Flavor | Version | Tinstall | Tcheck | Ttotal | Status | Flags |
---|---|---|---|---|---|---|
r-devel-linux-x86_64-debian-clang | 1.0.0 | 3.07 | 37.54 | 40.61 | NOTE | |
r-devel-linux-x86_64-debian-gcc | 1.0.0 | 2.05 | 29.07 | 31.12 | NOTE | |
r-devel-linux-x86_64-fedora-clang | 1.0.0 | 50.97 | NOTE | |||
r-devel-linux-x86_64-fedora-gcc | 1.0.0 | 62.01 | NOTE | |||
r-devel-windows-x86_64 | 1.0.0 | 4.00 | 50.00 | 54.00 | NOTE | |
r-patched-linux-x86_64 | 1.0.0 | 3.08 | 35.56 | 38.64 | NOTE | |
r-release-linux-x86_64 | 1.0.0 | 2.99 | 36.44 | 39.43 | NOTE | |
r-release-macos-arm64 | 1.0.0 | 25.00 | NOTE | |||
r-release-macos-x86_64 | 1.0.0 | 36.00 | NOTE | |||
r-release-windows-x86_64 | 1.0.0 | 5.00 | 50.00 | 55.00 | NOTE | |
r-oldrel-macos-arm64 | 1.0.0 | 29.00 | NOTE | |||
r-oldrel-macos-x86_64 | 1.0.0 | 38.00 | NOTE | |||
r-oldrel-windows-x86_64 | 1.0.0 | 4.00 | 52.00 | 56.00 | NOTE |
Version: 1.0.0
Check: LazyData
Result: NOTE
'LazyData' is specified without a 'data' directory
Flavors: r-devel-linux-x86_64-debian-clang, r-devel-linux-x86_64-debian-gcc, r-devel-linux-x86_64-fedora-clang, r-devel-linux-x86_64-fedora-gcc, r-devel-windows-x86_64, r-patched-linux-x86_64, r-release-linux-x86_64, r-release-macos-arm64, r-release-macos-x86_64, r-release-windows-x86_64, r-oldrel-macos-arm64, r-oldrel-macos-x86_64, r-oldrel-windows-x86_64