Last updated on 2025-11-04 13:50:09 CET.
| Flavor | Version | Tinstall | Tcheck | Ttotal | Status | Flags |
|---|---|---|---|---|---|---|
| r-devel-linux-x86_64-debian-clang | 0.1.0 | 3.14 | 38.05 | 41.19 | OK | |
| r-devel-linux-x86_64-debian-gcc | 0.1.0 | 2.75 | 28.66 | 31.41 | OK | |
| r-devel-linux-x86_64-fedora-clang | 0.1.0 | 61.19 | OK | |||
| r-devel-linux-x86_64-fedora-gcc | 0.1.0 | 57.40 | OK | |||
| r-devel-windows-x86_64 | 0.1.0 | 6.00 | 57.00 | 63.00 | OK | |
| r-patched-linux-x86_64 | 0.1.0 | 3.08 | 34.46 | 37.54 | OK | |
| r-release-linux-x86_64 | 0.1.0 | 3.25 | 34.34 | 37.59 | OK | |
| r-release-macos-arm64 | 0.1.0 | 2.00 | 24.00 | 26.00 | OK | |
| r-release-macos-x86_64 | 0.1.0 | 4.00 | 37.00 | 41.00 | OK | |
| r-release-windows-x86_64 | 0.1.0 | 6.00 | 55.00 | 61.00 | OK | |
| r-oldrel-macos-arm64 | 0.1.0 | 2.00 | 20.00 | 22.00 | NOTE | |
| r-oldrel-macos-x86_64 | 0.1.0 | 3.00 | 29.00 | 32.00 | NOTE | |
| r-oldrel-windows-x86_64 | 0.1.0 | 7.00 | 67.00 | 74.00 | NOTE |
Version: 0.1.0
Check: LazyData
Result: NOTE
'LazyData' is specified without a 'data' directory
Flavors: r-oldrel-macos-arm64, r-oldrel-macos-x86_64, r-oldrel-windows-x86_64