Last updated on 2025-11-04 13:50:09 CET.
| Flavor | Version | Tinstall | Tcheck | Ttotal | Status | Flags |
|---|---|---|---|---|---|---|
| r-devel-linux-x86_64-debian-clang | 0.5-3 | 10.85 | 82.78 | 93.63 | NOTE | |
| r-devel-linux-x86_64-debian-gcc | 0.5-3 | 7.92 | 61.47 | 69.39 | NOTE | |
| r-devel-linux-x86_64-fedora-clang | 0.5-3 | 24.00 | 118.28 | 142.28 | OK | |
| r-devel-linux-x86_64-fedora-gcc | 0.5-3 | 20.00 | 115.50 | 135.50 | OK | |
| r-devel-windows-x86_64 | 0.5-3 | 13.00 | 86.00 | 99.00 | OK | |
| r-patched-linux-x86_64 | 0.5-3 | 9.40 | 79.53 | 88.93 | OK | |
| r-release-linux-x86_64 | 0.5-3 | 10.18 | 79.60 | 89.78 | OK | |
| r-release-macos-arm64 | 0.5-3 | 5.00 | 41.00 | 46.00 | OK | |
| r-release-macos-x86_64 | 0.5-3 | 12.00 | 73.00 | 85.00 | OK | |
| r-release-windows-x86_64 | 0.5-3 | 12.00 | 84.00 | 96.00 | OK | |
| r-oldrel-macos-arm64 | 0.5-3 | 5.00 | 34.00 | 39.00 | OK | |
| r-oldrel-macos-x86_64 | 0.5-3 | 7.00 | 69.00 | 76.00 | OK | |
| r-oldrel-windows-x86_64 | 0.5-3 | 15.00 | 110.00 | 125.00 | OK |
Version: 0.5-3
Check: CRAN incoming feasibility
Result: NOTE
Maintainer: ‘Dai Feng <daifeng.stat@gmail.com>’
No Authors@R field in DESCRIPTION.
Please add one, modifying
Authors@R: person(given = "Dai",
family = "Feng",
role = c("aut", "cre"),
email = "daifeng.stat@gmail.com")
as necessary.
Flavors: r-devel-linux-x86_64-debian-clang, r-devel-linux-x86_64-debian-gcc