Last updated on 2025-11-04 13:50:29 CET.
| Flavor | Version | Tinstall | Tcheck | Ttotal | Status | Flags |
|---|---|---|---|---|---|---|
| r-devel-linux-x86_64-debian-clang | 1.1 | 3.01 | 27.74 | 30.75 | OK | |
| r-devel-linux-x86_64-debian-gcc | 1.1 | 2.36 | 21.06 | 23.42 | OK | |
| r-devel-linux-x86_64-fedora-clang | 1.1 | 45.35 | NOTE | |||
| r-devel-linux-x86_64-fedora-gcc | 1.1 | 42.83 | NOTE | |||
| r-devel-windows-x86_64 | 1.1 | 5.00 | 45.00 | 50.00 | OK | |
| r-patched-linux-x86_64 | 1.1 | 3.08 | 25.07 | 28.15 | OK | |
| r-release-linux-x86_64 | 1.1 | 3.11 | 24.64 | 27.75 | OK | |
| r-release-macos-arm64 | 1.1 | 1.00 | 16.00 | 17.00 | OK | |
| r-release-macos-x86_64 | 1.1 | 3.00 | 26.00 | 29.00 | OK | |
| r-release-windows-x86_64 | 1.1 | 5.00 | 43.00 | 48.00 | OK | |
| r-oldrel-macos-arm64 | 1.1 | 2.00 | 15.00 | 17.00 | OK | |
| r-oldrel-macos-x86_64 | 1.1 | 2.00 | 23.00 | 25.00 | OK | |
| r-oldrel-windows-x86_64 | 1.1 | 6.00 | 53.00 | 59.00 | OK |
Version: 1.1
Check: dependencies in R code
Result: NOTE
Namespace in Imports field not imported from: ‘MASS’
All declared Imports should be used.
Flavors: r-devel-linux-x86_64-fedora-clang, r-devel-linux-x86_64-fedora-gcc