CRAN Package Check Results for Package TCIApathfinder

Last updated on 2025-11-04 13:50:27 CET.

Flavor Version Tinstall Tcheck Ttotal Status Flags
r-devel-linux-x86_64-debian-clang 1.0.6 2.14 29.81 31.95 OK
r-devel-linux-x86_64-debian-gcc 1.0.6 1.63 23.96 25.59 OK
r-devel-linux-x86_64-fedora-clang 1.0.6 46.93 OK
r-devel-linux-x86_64-fedora-gcc 1.0.6 58.93 OK
r-devel-windows-x86_64 1.0.6 4.00 50.00 54.00 OK
r-patched-linux-x86_64 1.0.6 2.57 27.30 29.87 OK
r-release-linux-x86_64 1.0.6 1.80 27.63 29.43 OK
r-release-macos-arm64 1.0.6 1.00 34.00 35.00 OK
r-release-macos-x86_64 1.0.6 2.00 47.00 49.00 OK
r-release-windows-x86_64 1.0.6 3.00 50.00 53.00 OK
r-oldrel-macos-arm64 1.0.6 1.00 23.00 24.00 NOTE
r-oldrel-macos-x86_64 1.0.6 1.00 35.00 36.00 NOTE
r-oldrel-windows-x86_64 1.0.6 4.00 57.00 61.00 NOTE

Check Details

Version: 1.0.6
Check: LazyData
Result: NOTE 'LazyData' is specified without a 'data' directory Flavors: r-oldrel-macos-arm64, r-oldrel-macos-x86_64, r-oldrel-windows-x86_64