Last updated on 2025-11-05 05:51:43 CET.
| Flavor | Version | Tinstall | Tcheck | Ttotal | Status | Flags |
|---|---|---|---|---|---|---|
| r-devel-linux-x86_64-debian-clang | 0.1.1 | 6.38 | 139.20 | 145.58 | NOTE | |
| r-devel-linux-x86_64-debian-gcc | 0.1.1 | 4.94 | 102.62 | 107.56 | NOTE | |
| r-devel-linux-x86_64-fedora-clang | 0.1.1 | 12.00 | 216.45 | 228.45 | OK | |
| r-devel-linux-x86_64-fedora-gcc | 0.1.1 | 13.00 | 240.93 | 253.93 | OK | |
| r-devel-windows-x86_64 | 0.1.1 | 7.00 | 171.00 | 178.00 | OK | |
| r-patched-linux-x86_64 | 0.1.1 | 5.49 | 137.35 | 142.84 | OK | |
| r-release-linux-x86_64 | 0.1.1 | 5.55 | 135.72 | 141.27 | OK | |
| r-release-macos-arm64 | 0.1.1 | 3.00 | 83.00 | 86.00 | OK | |
| r-release-macos-x86_64 | 0.1.1 | 8.00 | 162.00 | 170.00 | OK | |
| r-release-windows-x86_64 | 0.1.1 | 8.00 | 166.00 | 174.00 | OK | |
| r-oldrel-macos-arm64 | 0.1.1 | 3.00 | 69.00 | 72.00 | OK | |
| r-oldrel-macos-x86_64 | 0.1.1 | 4.00 | 120.00 | 124.00 | OK | |
| r-oldrel-windows-x86_64 | 0.1.1 | 10.00 | 208.00 | 218.00 | OK |
Version: 0.1.1
Check: CRAN incoming feasibility
Result: NOTE
Maintainer: ‘Miki Horiguchi <horiguchimiki@gmail.com>’
No Authors@R field in DESCRIPTION.
Please add one, modifying
Authors@R: c(person(given = "Miki",
family = "Horiguchi",
role = c("aut", "cre"),
email = "horiguchimiki@gmail.com"),
person(given = "Hajime",
family = "Uno",
role = "aut"))
as necessary.
Flavors: r-devel-linux-x86_64-debian-clang, r-devel-linux-x86_64-debian-gcc