CRAN Package Check Results for Package SCEPtER

Last updated on 2025-11-04 13:50:25 CET.

Flavor Version Tinstall Tcheck Ttotal Status Flags
r-devel-linux-x86_64-debian-clang 0.2-4 10.00 24.09 34.09 OK
r-devel-linux-x86_64-debian-gcc 0.2-4 8.01 19.64 27.65 OK
r-devel-linux-x86_64-fedora-clang 0.2-4 18.00 32.30 50.30 NOTE
r-devel-linux-x86_64-fedora-gcc 0.2-4 20.00 28.15 48.15 NOTE
r-devel-windows-x86_64 0.2-4 13.00 44.00 57.00 OK
r-patched-linux-x86_64 0.2-4 9.99 23.02 33.01 OK
r-release-linux-x86_64 0.2-4 9.94 22.80 32.74 OK
r-release-macos-arm64 0.2-4 8.00 18.00 26.00 OK
r-release-macos-x86_64 0.2-4 12.00 28.00 40.00 OK
r-release-windows-x86_64 0.2-4 13.00 44.00 57.00 OK
r-oldrel-macos-arm64 0.2-4 7.00 15.00 22.00 OK
r-oldrel-macos-x86_64 0.2-4 16.00 31.00 47.00 OK
r-oldrel-windows-x86_64 0.2-4 15.00 51.00 66.00 OK

Check Details

Version: 0.2-4
Check: compiled code
Result: NOTE File ‘SCEPtER/libs/SCEPtER.so’: Found no calls to: ‘R_registerRoutines’, ‘R_useDynamicSymbols’ It is good practice to register native routines and to disable symbol search. See ‘Writing portable packages’ in the ‘Writing R Extensions’ manual. Flavors: r-devel-linux-x86_64-fedora-clang, r-devel-linux-x86_64-fedora-gcc