Last updated on 2025-11-04 13:50:24 CET.
| Flavor | Version | Tinstall | Tcheck | Ttotal | Status | Flags |
|---|---|---|---|---|---|---|
| r-devel-linux-x86_64-debian-clang | 3.1.1 | 8.77 | 284.26 | 293.03 | OK | |
| r-devel-linux-x86_64-debian-gcc | 3.1.1 | 6.44 | 207.65 | 214.09 | OK | |
| r-devel-linux-x86_64-fedora-clang | 3.1.1 | 19.00 | 442.78 | 461.78 | NOTE | |
| r-devel-linux-x86_64-fedora-gcc | 3.1.1 | 24.00 | 450.16 | 474.16 | NOTE | |
| r-devel-windows-x86_64 | 3.1.1 | 11.00 | 209.00 | 220.00 | OK | |
| r-patched-linux-x86_64 | 3.1.1 | 9.27 | 280.26 | 289.53 | OK | |
| r-release-linux-x86_64 | 3.1.1 | 8.71 | 282.26 | 290.97 | OK | |
| r-release-macos-arm64 | 3.1.1 | 3.00 | 118.00 | 121.00 | OK | |
| r-release-macos-x86_64 | 3.1.1 | 6.00 | 218.00 | 224.00 | OK | |
| r-release-windows-x86_64 | 3.1.1 | 11.00 | 210.00 | 221.00 | OK | |
| r-oldrel-macos-arm64 | 3.1.1 | 3.00 | 111.00 | 114.00 | OK | |
| r-oldrel-macos-x86_64 | 3.1.1 | 6.00 | 224.00 | 230.00 | OK | |
| r-oldrel-windows-x86_64 | 3.1.1 | 18.00 | 837.00 | 855.00 | OK |
Version: 3.1.1
Check: dependencies in R code
Result: NOTE
Namespaces in Imports field not imported from:
‘ROCit’ ‘corrplot’ ‘kableExtra’ ‘purrr’ ‘reshape2’
All declared Imports should be used.
Flavors: r-devel-linux-x86_64-fedora-clang, r-devel-linux-x86_64-fedora-gcc