Last updated on 2025-11-05 05:51:38 CET.
| Flavor | Version | Tinstall | Tcheck | Ttotal | Status | Flags |
|---|---|---|---|---|---|---|
| r-devel-linux-x86_64-debian-clang | 0.3.0.0 | 2.00 | 21.02 | 23.02 | OK | |
| r-devel-linux-x86_64-debian-gcc | 0.3.0.0 | 1.63 | 17.05 | 18.68 | OK | |
| r-devel-linux-x86_64-fedora-clang | 0.3.0.0 | 34.07 | OK | |||
| r-devel-linux-x86_64-fedora-gcc | 0.3.0.0 | 32.52 | OK | |||
| r-devel-windows-x86_64 | 0.3.0.0 | 4.00 | 42.00 | 46.00 | OK | |
| r-patched-linux-x86_64 | 0.3.0.0 | 2.26 | 20.07 | 22.33 | OK | |
| r-release-linux-x86_64 | 0.3.0.0 | 1.97 | 19.65 | 21.62 | OK | |
| r-release-macos-arm64 | 0.3.0.0 | 1.00 | 13.00 | 14.00 | OK | |
| r-release-macos-x86_64 | 0.3.0.0 | 2.00 | 19.00 | 21.00 | OK | |
| r-release-windows-x86_64 | 0.3.0.0 | 3.00 | 38.00 | 41.00 | OK | |
| r-oldrel-macos-arm64 | 0.3.0.0 | 1.00 | 14.00 | 15.00 | NOTE | |
| r-oldrel-macos-x86_64 | 0.3.0.0 | 2.00 | 19.00 | 21.00 | NOTE | |
| r-oldrel-windows-x86_64 | 0.3.0.0 | 4.00 | 47.00 | 51.00 | NOTE |
Version: 0.3.0.0
Check: LazyData
Result: NOTE
'LazyData' is specified without a 'data' directory
Flavors: r-oldrel-macos-arm64, r-oldrel-macos-x86_64, r-oldrel-windows-x86_64