Last updated on 2025-11-04 13:50:24 CET.
| Flavor | Version | Tinstall | Tcheck | Ttotal | Status | Flags |
|---|---|---|---|---|---|---|
| r-devel-linux-x86_64-debian-clang | 2.3.0 | 6.81 | 45.15 | 51.96 | OK | |
| r-devel-linux-x86_64-debian-gcc | 2.3.0 | 4.61 | 32.72 | 37.33 | OK | |
| r-devel-linux-x86_64-fedora-clang | 2.3.0 | 13.00 | 62.15 | 75.15 | NOTE | |
| r-devel-linux-x86_64-fedora-gcc | 2.3.0 | 15.00 | 56.33 | 71.33 | NOTE | |
| r-devel-windows-x86_64 | 2.3.0 | 10.00 | 87.00 | 97.00 | OK | |
| r-patched-linux-x86_64 | 2.3.0 | 8.57 | 42.40 | 50.97 | OK | |
| r-release-linux-x86_64 | 2.3.0 | 6.63 | 42.14 | 48.77 | OK | |
| r-release-macos-arm64 | 2.3.0 | 3.00 | 24.00 | 27.00 | OK | |
| r-release-macos-x86_64 | 2.3.0 | 8.00 | 40.00 | 48.00 | OK | |
| r-release-windows-x86_64 | 2.3.0 | 10.00 | 82.00 | 92.00 | OK | |
| r-oldrel-macos-arm64 | 2.3.0 | 3.00 | 22.00 | 25.00 | OK | |
| r-oldrel-macos-x86_64 | 2.3.0 | 6.00 | 30.00 | 36.00 | OK | |
| r-oldrel-windows-x86_64 | 2.3.0 | 12.00 | 99.00 | 111.00 | OK |
Version: 2.3.0
Check: dependencies in R code
Result: NOTE
Namespace in Imports field not imported from: ‘httr’
All declared Imports should be used.
Flavors: r-devel-linux-x86_64-fedora-clang, r-devel-linux-x86_64-fedora-gcc