Last updated on 2025-11-04 13:50:21 CET.
| Flavor | Version | Tinstall | Tcheck | Ttotal | Status | Flags |
|---|---|---|---|---|---|---|
| r-devel-linux-x86_64-debian-clang | 0.5 | 10.90 | 103.20 | 114.10 | NOTE | |
| r-devel-linux-x86_64-debian-gcc | 0.5 | 7.84 | 68.62 | 76.46 | NOTE | |
| r-devel-linux-x86_64-fedora-clang | 0.5 | 24.00 | 151.42 | 175.42 | NOTE | |
| r-devel-linux-x86_64-fedora-gcc | 0.5 | 22.00 | 153.89 | 175.89 | NOTE | |
| r-devel-windows-x86_64 | 0.5 | 15.00 | 132.00 | 147.00 | NOTE | |
| r-patched-linux-x86_64 | 0.5 | 10.44 | 94.18 | 104.62 | NOTE | |
| r-release-linux-x86_64 | 0.5 | 10.18 | 94.93 | 105.11 | NOTE | |
| r-release-macos-arm64 | 0.5 | 7.00 | 56.00 | 63.00 | NOTE | |
| r-release-macos-x86_64 | 0.5 | 12.00 | 100.00 | 112.00 | NOTE | |
| r-release-windows-x86_64 | 0.5 | 15.00 | 123.00 | 138.00 | NOTE | |
| r-oldrel-macos-arm64 | 0.5 | 7.00 | 60.00 | 67.00 | OK | |
| r-oldrel-macos-x86_64 | 0.5 | 17.00 | 151.00 | 168.00 | OK | |
| r-oldrel-windows-x86_64 | 0.5 | 18.00 | 157.00 | 175.00 | OK |
Version: 0.5
Check: DESCRIPTION meta-information
Result: NOTE
Missing dependency on R >= 4.1.0 because package code uses the pipe
|> or function shorthand \(...) syntax added in R 4.1.0.
File(s) using such syntax:
‘global.R’
Flavors: r-devel-linux-x86_64-debian-clang, r-devel-linux-x86_64-debian-gcc, r-devel-linux-x86_64-fedora-clang, r-devel-linux-x86_64-fedora-gcc, r-devel-windows-x86_64, r-patched-linux-x86_64, r-release-linux-x86_64, r-release-macos-arm64, r-release-macos-x86_64, r-release-windows-x86_64