CRAN Package Check Results for Package LongituRF

Last updated on 2025-11-04 13:50:18 CET.

Flavor Version Tinstall Tcheck Ttotal Status Flags
r-devel-linux-x86_64-debian-clang 0.9 6.08 44.75 50.83 OK
r-devel-linux-x86_64-debian-gcc 0.9 4.11 32.70 36.81 OK
r-devel-linux-x86_64-fedora-clang 0.9 25.00 55.74 80.74 OK
r-devel-linux-x86_64-fedora-gcc 0.9 10.00 63.28 73.28 OK
r-devel-windows-x86_64 0.9 7.00 64.00 71.00 OK
r-patched-linux-x86_64 0.9 5.70 42.11 47.81 OK
r-release-linux-x86_64 0.9 5.65 41.75 47.40 OK
r-release-macos-arm64 0.9 3.00 27.00 30.00 OK
r-release-macos-x86_64 0.9 7.00 45.00 52.00 OK
r-release-windows-x86_64 0.9 6.00 60.00 66.00 OK
r-oldrel-macos-arm64 0.9 3.00 21.00 24.00 NOTE
r-oldrel-macos-x86_64 0.9 4.00 31.00 35.00 NOTE
r-oldrel-windows-x86_64 0.9 9.00 74.00 83.00 NOTE

Check Details

Version: 0.9
Check: LazyData
Result: NOTE 'LazyData' is specified without a 'data' directory Flavors: r-oldrel-macos-arm64, r-oldrel-macos-x86_64, r-oldrel-windows-x86_64