Last updated on 2025-11-04 13:50:17 CET.
| Flavor | Version | Tinstall | Tcheck | Ttotal | Status | Flags |
|---|---|---|---|---|---|---|
| r-devel-linux-x86_64-debian-clang | 0.1.2 | 5.19 | 49.38 | 54.57 | NOTE | |
| r-devel-linux-x86_64-debian-gcc | 0.1.2 | 3.22 | 36.66 | 39.88 | NOTE | |
| r-devel-linux-x86_64-fedora-clang | 0.1.2 | 20.00 | 67.31 | 87.31 | OK | |
| r-devel-linux-x86_64-fedora-gcc | 0.1.2 | 11.00 | 66.22 | 77.22 | OK | |
| r-devel-windows-x86_64 | 0.1.2 | 6.00 | 63.00 | 69.00 | OK | |
| r-patched-linux-x86_64 | 0.1.2 | 5.11 | 46.13 | 51.24 | OK | |
| r-release-linux-x86_64 | 0.1.2 | 4.73 | 46.89 | 51.62 | OK | |
| r-release-macos-arm64 | 0.1.2 | 2.00 | 26.00 | 28.00 | OK | |
| r-release-macos-x86_64 | 0.1.2 | 4.00 | 37.00 | 41.00 | OK | |
| r-release-windows-x86_64 | 0.1.2 | 6.00 | 60.00 | 66.00 | OK | |
| r-oldrel-macos-arm64 | 0.1.2 | 2.00 | 26.00 | 28.00 | OK | |
| r-oldrel-macos-x86_64 | 0.1.2 | 6.00 | 42.00 | 48.00 | OK | |
| r-oldrel-windows-x86_64 | 0.1.2 | 8.00 | 72.00 | 80.00 | OK |
Version: 0.1.2
Check: CRAN incoming feasibility
Result: NOTE
Maintainer: ‘Zhen Huang <zh2395@columbia.edu>’
The Description field contains
using kernels and geometric graphs” <arXiv:2010.01768>, and it is
Please refer to arXiv e-prints via their arXiv DOI <doi:10.48550/arXiv.YYMM.NNNNN>.
Flavors: r-devel-linux-x86_64-debian-clang, r-devel-linux-x86_64-debian-gcc