Last updated on 2025-11-04 13:50:17 CET.
| Flavor | Version | Tinstall | Tcheck | Ttotal | Status | Flags |
|---|---|---|---|---|---|---|
| r-devel-linux-x86_64-debian-clang | 3.0.11 | 55.24 | 793.30 | 848.54 | OK | |
| r-devel-linux-x86_64-debian-gcc | 3.0.11 | 36.34 | 525.61 | 561.95 | OK | |
| r-devel-linux-x86_64-fedora-clang | 3.0.11 | 289.00 | 1044.23 | 1333.23 | OK | |
| r-devel-linux-x86_64-fedora-gcc | 3.0.11 | 146.00 | 1072.18 | 1218.18 | OK | |
| r-devel-windows-x86_64 | 3.0.11 | 53.00 | 591.00 | 644.00 | OK | |
| r-patched-linux-x86_64 | 3.0.11 | 0.42 | 1.90 | 2.32 | ERROR | |
| r-release-linux-x86_64 | 3.0.11 | 50.57 | 691.63 | 742.20 | OK | |
| r-release-macos-arm64 | 3.0.11 | 24.00 | 159.00 | 183.00 | OK | |
| r-release-macos-x86_64 | 3.0.11 | 49.00 | 312.00 | 361.00 | OK | |
| r-release-windows-x86_64 | 3.0.11 | 52.00 | 595.00 | 647.00 | OK | |
| r-oldrel-macos-arm64 | 3.0.11 | 25.00 | 161.00 | 186.00 | NOTE | |
| r-oldrel-macos-x86_64 | 3.0.11 | 46.00 | 303.00 | 349.00 | NOTE | |
| r-oldrel-windows-x86_64 | 3.0.11 | 76.00 | 818.00 | 894.00 | OK |
Version: 3.0.11
Check: package dependencies
Result: ERROR
Packages required but not available: 'BSgenome', 'GenomeInfoDb'
Packages suggested but not available for checking:
'BSgenome.Hsapiens.1000genomes.hs37d5',
'BSgenome.Hsapiens.UCSC.hg38', 'BSgenome.Mmusculus.UCSC.mm10'
See section ‘The DESCRIPTION file’ in the ‘Writing R Extensions’
manual.
Flavor: r-patched-linux-x86_64
Version: 3.0.11
Check: package dependencies
Result: NOTE
Packages suggested but not available for checking:
'BSgenome.Hsapiens.1000genomes.hs37d5',
'BSgenome.Hsapiens.UCSC.hg38', 'BSgenome.Mmusculus.UCSC.mm10'
Flavors: r-oldrel-macos-arm64, r-oldrel-macos-x86_64