Last updated on 2025-11-04 13:50:15 CET.
| Flavor | Version | Tinstall | Tcheck | Ttotal | Status | Flags |
|---|---|---|---|---|---|---|
| r-devel-linux-x86_64-debian-clang | 1.1.1 | 385.23 | 147.61 | 532.84 | OK | |
| r-devel-linux-x86_64-debian-gcc | 1.1.1 | 318.61 | 124.39 | 443.00 | OK | |
| r-devel-linux-x86_64-fedora-clang | 1.1.1 | 369.00 | 542.85 | 911.85 | OK | |
| r-devel-linux-x86_64-fedora-gcc | 1.1.1 | 463.00 | 684.37 | 1147.37 | OK | |
| r-devel-windows-x86_64 | 1.1.1 | 503.00 | 217.00 | 720.00 | OK | |
| r-patched-linux-x86_64 | 1.1.1 | 474.79 | 176.17 | 650.96 | OK | |
| r-release-linux-x86_64 | 1.1.1 | 471.92 | 173.44 | 645.36 | OK | |
| r-release-macos-arm64 | 1.1.1 | 165.00 | 76.00 | 241.00 | OK | |
| r-release-macos-x86_64 | 1.1.1 | 146.00 | 145.00 | 291.00 | OK | |
| r-release-windows-x86_64 | 1.1.1 | 480.00 | 213.00 | 693.00 | OK | |
| r-oldrel-macos-arm64 | 1.1.1 | 148.00 | 74.00 | 222.00 | NOTE | |
| r-oldrel-macos-x86_64 | 1.1.1 | 147.00 | 143.00 | 290.00 | NOTE | |
| r-oldrel-windows-x86_64 | 1.1.1 | 596.00 | 276.00 | 872.00 | NOTE |
Version: 1.1.1
Check: installed package size
Result: NOTE
installed size is 105.4Mb
sub-directories of 1Mb or more:
R 2.1Mb
libs 103.0Mb
Flavors: r-oldrel-macos-arm64, r-oldrel-macos-x86_64, r-oldrel-windows-x86_64
Version: 1.1.1
Check: for GNU extensions in Makefiles
Result: NOTE
GNU make is a SystemRequirements.
Flavors: r-oldrel-macos-arm64, r-oldrel-macos-x86_64, r-oldrel-windows-x86_64