Last updated on 2025-11-04 13:50:16 CET.
| Flavor | Version | Tinstall | Tcheck | Ttotal | Status | Flags |
|---|---|---|---|---|---|---|
| r-devel-linux-x86_64-debian-clang | 2.4-1 | 100.51 | 158.32 | 258.83 | OK | |
| r-devel-linux-x86_64-debian-gcc | 2.4-1 | 77.30 | 110.55 | 187.85 | OK | |
| r-devel-linux-x86_64-fedora-clang | 2.4-1 | 185.00 | 218.98 | 403.98 | OK | |
| r-devel-linux-x86_64-fedora-gcc | 2.4-1 | 256.00 | 167.80 | 423.80 | OK | |
| r-devel-windows-x86_64 | 2.4-1 | 108.00 | 170.00 | 278.00 | OK | |
| r-patched-linux-x86_64 | 2.4-1 | 109.77 | 155.07 | 264.84 | OK | |
| r-release-linux-x86_64 | 2.4-1 | 110.28 | 154.94 | 265.22 | OK | |
| r-release-macos-arm64 | 2.4-1 | 49.00 | 63.00 | 112.00 | OK | |
| r-release-macos-x86_64 | 2.4-1 | 99.00 | 127.00 | 226.00 | OK | |
| r-release-windows-x86_64 | 2.4-1 | 112.00 | 167.00 | 279.00 | OK | |
| r-oldrel-macos-arm64 | 2.4-1 | 46.00 | 57.00 | 103.00 | NOTE | |
| r-oldrel-macos-x86_64 | 2.4-1 | 108.00 | 124.00 | 232.00 | NOTE | |
| r-oldrel-windows-x86_64 | 2.4-1 | 132.00 | 219.00 | 351.00 | OK |
Version: 2.4-1
Check: installed package size
Result: NOTE
installed size is 27.9Mb
sub-directories of 1Mb or more:
data 1.5Mb
libs 25.6Mb
Flavors: r-oldrel-macos-arm64, r-oldrel-macos-x86_64