Last updated on 2025-11-05 05:51:26 CET.
| Flavor | Version | Tinstall | Tcheck | Ttotal | Status | Flags |
|---|---|---|---|---|---|---|
| r-devel-linux-x86_64-debian-clang | 0.1.1 | 12.97 | 111.64 | 124.61 | OK | |
| r-devel-linux-x86_64-debian-gcc | 0.1.1 | 9.66 | 76.65 | 86.31 | OK | |
| r-devel-linux-x86_64-fedora-clang | 0.1.1 | 30.00 | 158.97 | 188.97 | OK | |
| r-devel-linux-x86_64-fedora-gcc | 0.1.1 | 30.00 | 143.81 | 173.81 | OK | |
| r-devel-windows-x86_64 | 0.1.1 | 14.00 | 102.00 | 116.00 | OK | |
| r-patched-linux-x86_64 | 0.1.1 | 12.36 | 102.16 | 114.52 | OK | |
| r-release-linux-x86_64 | 0.1.1 | 12.23 | 100.64 | 112.87 | OK | |
| r-release-macos-arm64 | 0.1.1 | 5.00 | 38.00 | 43.00 | OK | |
| r-release-macos-x86_64 | 0.1.1 | 9.00 | 71.00 | 80.00 | OK | |
| r-release-windows-x86_64 | 0.1.1 | 14.00 | 98.00 | 112.00 | OK | |
| r-oldrel-macos-arm64 | 0.1.1 | 5.00 | 42.00 | 47.00 | NOTE | |
| r-oldrel-macos-x86_64 | 0.1.1 | 8.00 | 76.00 | 84.00 | NOTE | |
| r-oldrel-windows-x86_64 | 0.1.1 | 18.00 | 131.00 | 149.00 | NOTE |
Version: 0.1.1
Check: LazyData
Result: NOTE
'LazyData' is specified without a 'data' directory
Flavors: r-oldrel-macos-arm64, r-oldrel-macos-x86_64, r-oldrel-windows-x86_64