Last updated on 2025-11-04 13:50:14 CET.
| Flavor | Version | Tinstall | Tcheck | Ttotal | Status | Flags |
|---|---|---|---|---|---|---|
| r-devel-linux-x86_64-debian-clang | 0.9.3 | 23.12 | 107.25 | 130.37 | NOTE | |
| r-devel-linux-x86_64-debian-gcc | 0.9.3 | 13.99 | 67.46 | 81.45 | NOTE | |
| r-devel-linux-x86_64-fedora-clang | 0.9.3 | 89.00 | 134.59 | 223.59 | OK | |
| r-devel-linux-x86_64-fedora-gcc | 0.9.3 | 44.00 | 154.78 | 198.78 | OK | |
| r-devel-windows-x86_64 | 0.9.3 | 27.00 | 106.00 | 133.00 | OK | |
| r-patched-linux-x86_64 | 0.9.3 | 22.12 | 100.82 | 122.94 | OK | |
| r-release-linux-x86_64 | 0.9.3 | 21.66 | 99.76 | 121.42 | OK | |
| r-release-macos-arm64 | 0.9.3 | 14.00 | 45.00 | 59.00 | OK | |
| r-release-macos-x86_64 | 0.9.3 | 31.00 | 103.00 | 134.00 | OK | |
| r-release-windows-x86_64 | 0.9.3 | 29.00 | 102.00 | 131.00 | OK | |
| r-oldrel-macos-arm64 | 0.9.3 | 10.00 | 39.00 | 49.00 | OK | |
| r-oldrel-macos-x86_64 | 0.9.3 | 15.00 | 62.00 | 77.00 | OK | |
| r-oldrel-windows-x86_64 | 0.9.3 | 36.00 | 141.00 | 177.00 | OK |
Version: 0.9.3
Check: CRAN incoming feasibility
Result: NOTE
Maintainer: ‘Aristidis K. Nikoloulopoulos <a.nikoloulopoulos@uea.ac.uk>’
The Description field contains
(2022) <arXiv:2201.00339>.
Please refer to arXiv e-prints via their arXiv DOI <doi:10.48550/arXiv.YYMM.NNNNN>.
Flavors: r-devel-linux-x86_64-debian-clang, r-devel-linux-x86_64-debian-gcc