Last updated on 2025-11-04 13:50:14 CET.
| Flavor | Version | Tinstall | Tcheck | Ttotal | Status | Flags |
|---|---|---|---|---|---|---|
| r-devel-linux-x86_64-debian-clang | 2.2.2 | 46.95 | 35.59 | 82.54 | NOTE | |
| r-devel-linux-x86_64-debian-gcc | 2.2.2 | 31.23 | 26.01 | 57.24 | NOTE | |
| r-devel-linux-x86_64-fedora-clang | 2.2.2 | 109.00 | 48.56 | 157.56 | OK | |
| r-devel-linux-x86_64-fedora-gcc | 2.2.2 | 112.00 | 27.21 | 139.21 | OK | |
| r-devel-windows-x86_64 | 2.2.2 | 52.00 | 68.00 | 120.00 | OK | |
| r-patched-linux-x86_64 | 2.2.2 | 49.71 | 33.54 | 83.25 | OK | |
| r-release-linux-x86_64 | 2.2.2 | 47.59 | 33.78 | 81.37 | OK | |
| r-release-macos-arm64 | 2.2.2 | 16.00 | 20.00 | 36.00 | OK | |
| r-release-macos-x86_64 | 2.2.2 | 18.00 | 40.00 | 58.00 | OK | |
| r-release-windows-x86_64 | 2.2.2 | 53.00 | 66.00 | 119.00 | OK | |
| r-oldrel-macos-arm64 | 2.2.2 | 19.00 | 17.00 | 36.00 | NOTE | |
| r-oldrel-macos-x86_64 | 2.2.2 | 19.00 | 39.00 | 58.00 | NOTE | |
| r-oldrel-windows-x86_64 | 2.2.2 | 50.00 | 86.00 | 136.00 | NOTE |
Version: 2.2.2
Check: CRAN incoming feasibility
Result: NOTE
Maintainer: ‘Meryam Krit <meryam.krit@gmail.com>’
No Authors@R field in DESCRIPTION.
Please add one, modifying
Authors@R: person(given = "Meryam",
family = "Krit",
role = c("aut", "cre"),
email = "meryam.krit@gmail.com")
as necessary.
Flavors: r-devel-linux-x86_64-debian-clang, r-devel-linux-x86_64-debian-gcc
Version: 2.2.2
Check: LazyData
Result: NOTE
'LazyData' is specified without a 'data' directory
Flavors: r-oldrel-macos-arm64, r-oldrel-macos-x86_64, r-oldrel-windows-x86_64